Last updated on 2025-11-12 01:48:58 CET.
| Flavor | Version | Tinstall | Tcheck | Ttotal | Status | Flags |
|---|---|---|---|---|---|---|
| r-devel-linux-x86_64-debian-clang | 0.1.6 | 8.56 | 86.20 | 94.76 | NOTE | |
| r-devel-linux-x86_64-debian-gcc | 0.1.6 | 6.15 | 60.27 | 66.42 | NOTE | |
| r-devel-linux-x86_64-fedora-clang | 0.1.6 | 31.00 | 121.69 | 152.69 | OK | |
| r-devel-linux-x86_64-fedora-gcc | 0.1.6 | 16.00 | 122.40 | 138.40 | OK | |
| r-devel-windows-x86_64 | 0.1.6 | 10.00 | 156.00 | 166.00 | OK | |
| r-patched-linux-x86_64 | 0.1.6 | 9.58 | 85.73 | 95.31 | OK | |
| r-release-linux-x86_64 | 0.1.6 | 8.07 | 85.73 | 93.80 | OK | |
| r-release-macos-arm64 | 0.1.6 | 4.00 | 73.00 | 77.00 | OK | |
| r-release-macos-x86_64 | 0.1.6 | 5.00 | 123.00 | 128.00 | OK | |
| r-release-windows-x86_64 | 0.1.6 | 10.00 | 152.00 | 162.00 | OK | |
| r-oldrel-macos-arm64 | 0.1.6 | 4.00 | 64.00 | 68.00 | OK | |
| r-oldrel-macos-x86_64 | 0.1.6 | 5.00 | 94.00 | 99.00 | OK | |
| r-oldrel-windows-x86_64 | 0.1.6 | 14.00 | 193.00 | 207.00 | OK |
Version: 0.1.6
Check: CRAN incoming feasibility
Result: NOTE
Maintainer: ‘Haeran Cho <haeran.cho@bristol.ac.uk>’
The Description field contains
methodology and Owens, Cho and Barigozzi (2024+) <arXiv:2301.11675>
Please refer to arXiv e-prints via their arXiv DOI <doi:10.48550/arXiv.YYMM.NNNNN>.
Flavors: r-devel-linux-x86_64-debian-clang, r-devel-linux-x86_64-debian-gcc