Last updated on 2025-11-11 00:50:05 CET.
| Flavor | Version | Tinstall | Tcheck | Ttotal | Status | Flags |
|---|---|---|---|---|---|---|
| r-devel-linux-x86_64-debian-clang | 0.2-7 | 4.77 | 40.02 | 44.79 | NOTE | |
| r-devel-linux-x86_64-debian-gcc | 0.2-7 | 3.54 | 31.04 | 34.58 | NOTE | |
| r-devel-linux-x86_64-fedora-clang | 0.2-7 | 17.00 | 53.05 | 70.05 | OK | |
| r-devel-linux-x86_64-fedora-gcc | 0.2-7 | 10.00 | 53.74 | 63.74 | OK | |
| r-devel-windows-x86_64 | 0.2-7 | 6.00 | 55.00 | 61.00 | OK | |
| r-patched-linux-x86_64 | 0.2-7 | 3.86 | 38.14 | 42.00 | OK | |
| r-release-linux-x86_64 | 0.2-7 | 4.07 | 37.95 | 42.02 | OK | |
| r-release-macos-arm64 | 0.2-7 | 3.00 | 29.00 | 32.00 | OK | |
| r-release-macos-x86_64 | 0.2-7 | 5.00 | 42.00 | 47.00 | OK | |
| r-release-windows-x86_64 | 0.2-7 | 6.00 | 53.00 | 59.00 | OK | |
| r-oldrel-macos-arm64 | 0.2-7 | 2.00 | 23.00 | 25.00 | OK | |
| r-oldrel-macos-x86_64 | 0.2-7 | 10.00 | 60.00 | 70.00 | OK | |
| r-oldrel-windows-x86_64 | 0.2-7 | 8.00 | 63.00 | 71.00 | OK |
Version: 0.2-7
Check: CRAN incoming feasibility
Result: NOTE
Maintainer: ‘Roger D. Peng <roger.peng@austin.utexas.edu>’
No Authors@R field in DESCRIPTION.
Please add one, modifying
Authors@R: person(given = c("Roger", "D."),
family = "Peng",
role = c("aut", "cre"),
email = "roger.peng@austin.utexas.edu")
as necessary.
Flavors: r-devel-linux-x86_64-debian-clang, r-devel-linux-x86_64-debian-gcc