CRAN Package Check Results for Package fibos

Last updated on 2025-11-12 01:48:58 CET.

Flavor Version Tinstall Tcheck Ttotal Status Flags
r-devel-linux-x86_64-debian-clang 2.0.1 4.88 41.68 46.56 OK
r-devel-linux-x86_64-debian-gcc 2.0.1 3.27 30.13 33.40 OK
r-devel-linux-x86_64-fedora-clang 2.0.1 22.00 47.90 69.90 NOTE
r-devel-linux-x86_64-fedora-gcc 2.0.1 61.90 NOTE
r-devel-windows-x86_64 2.0.1 6.00 54.00 60.00 OK
r-patched-linux-x86_64 2.0.1 4.71 36.94 41.65 OK
r-release-linux-x86_64 2.0.1 4.58 36.24 40.82 OK
r-release-macos-arm64 2.0.1 2.00 20.00 22.00 OK
r-release-macos-x86_64 2.0.1 4.00 33.00 37.00 OK
r-release-windows-x86_64 2.0.1 8.00 54.00 62.00 OK
r-oldrel-macos-arm64 2.0.1 2.00 25.00 27.00 OK
r-oldrel-macos-x86_64 2.0.1 4.00 36.00 40.00 OK
r-oldrel-windows-x86_64 2.0.1 9.00 63.00 72.00 OK

Check Details

Version: 2.0.1
Check: dependencies in R code
Result: NOTE Namespace in Imports field not imported from: ‘glue’ All declared Imports should be used. Flavors: r-devel-linux-x86_64-fedora-clang, r-devel-linux-x86_64-fedora-gcc