Last updated on 2025-11-12 01:48:58 CET.
| Flavor | Version | Tinstall | Tcheck | Ttotal | Status | Flags |
|---|---|---|---|---|---|---|
| r-devel-linux-x86_64-debian-clang | 0.1.3 | 24.47 | 50.74 | 75.21 | OK | |
| r-devel-linux-x86_64-debian-gcc | 0.1.3 | 16.04 | 38.08 | 54.12 | OK | |
| r-devel-linux-x86_64-fedora-clang | 0.1.3 | 63.00 | 64.08 | 127.08 | OK | |
| r-devel-linux-x86_64-fedora-gcc | 0.1.3 | 54.00 | 64.97 | 118.97 | OK | |
| r-devel-windows-x86_64 | 0.1.3 | 28.00 | 86.00 | 114.00 | OK | |
| r-patched-linux-x86_64 | 0.1.3 | 24.81 | 51.17 | 75.98 | OK | |
| r-release-linux-x86_64 | 0.1.3 | 22.11 | 51.74 | 73.85 | OK | |
| r-release-macos-arm64 | 0.1.3 | 13.00 | 25.00 | 38.00 | OK | |
| r-release-macos-x86_64 | 0.1.3 | 21.00 | 47.00 | 68.00 | OK | |
| r-release-windows-x86_64 | 0.1.3 | 26.00 | 85.00 | 111.00 | OK | |
| r-oldrel-macos-arm64 | 0.1.3 | 12.00 | 24.00 | 36.00 | NOTE | |
| r-oldrel-macos-x86_64 | 0.1.3 | 29.00 | 60.00 | 89.00 | NOTE | |
| r-oldrel-windows-x86_64 | 0.1.3 | 36.00 | 104.00 | 140.00 | OK |
Version: 0.1.3
Check: installed package size
Result: NOTE
installed size is 6.6Mb
sub-directories of 1Mb or more:
libs 6.4Mb
Flavors: r-oldrel-macos-arm64, r-oldrel-macos-x86_64