Last updated on 2025-11-12 01:48:57 CET.
| Flavor | Version | Tinstall | Tcheck | Ttotal | Status | Flags |
|---|---|---|---|---|---|---|
| r-devel-linux-x86_64-debian-clang | 2.0.0 | 43.89 | 56.61 | 100.50 | OK | |
| r-devel-linux-x86_64-debian-gcc | 2.0.0 | 36.91 | 42.61 | 79.52 | OK | |
| r-devel-linux-x86_64-fedora-clang | 2.0.0 | 92.00 | 58.66 | 150.66 | OK | |
| r-devel-linux-x86_64-fedora-gcc | 2.0.0 | 86.00 | 60.12 | 146.12 | OK | |
| r-devel-windows-x86_64 | 2.0.0 | 47.00 | 64.00 | 111.00 | OK | |
| r-patched-linux-x86_64 | 2.0.0 | 42.75 | 52.30 | 95.05 | OK | |
| r-release-linux-x86_64 | 2.0.0 | 42.36 | 53.18 | 95.54 | OK | |
| r-release-macos-arm64 | 2.0.0 | 36.00 | 29.00 | 65.00 | OK | |
| r-release-macos-x86_64 | 2.0.0 | 147.00 | 111.00 | 258.00 | OK | |
| r-release-windows-x86_64 | 2.0.0 | 44.00 | 63.00 | 107.00 | OK | |
| r-oldrel-macos-arm64 | 2.0.0 | 29.00 | 34.00 | 63.00 | NOTE | |
| r-oldrel-macos-x86_64 | 2.0.0 | 53.00 | 63.00 | 116.00 | NOTE | |
| r-oldrel-windows-x86_64 | 2.0.0 | 58.00 | 76.00 | 134.00 | NOTE |
Version: 2.0.0
Check: installed package size
Result: NOTE
installed size is 16.8Mb
sub-directories of 1Mb or more:
data 16.7Mb
Flavors: r-oldrel-macos-arm64, r-oldrel-macos-x86_64, r-oldrel-windows-x86_64