Last updated on 2025-11-12 01:48:57 CET.
| Flavor | Version | Tinstall | Tcheck | Ttotal | Status | Flags |
|---|---|---|---|---|---|---|
| r-devel-linux-x86_64-debian-clang | 1.0.3 | 32.66 | 50.37 | 83.03 | OK | |
| r-devel-linux-x86_64-debian-gcc | 1.0.3 | 21.89 | 35.29 | 57.18 | OK | |
| r-devel-linux-x86_64-fedora-clang | 1.0.3 | 73.00 | 61.95 | 134.95 | OK | |
| r-devel-linux-x86_64-fedora-gcc | 1.0.3 | 66.00 | 75.35 | 141.35 | OK | |
| r-devel-windows-x86_64 | 1.0.3 | 42.00 | 92.00 | 134.00 | OK | |
| r-patched-linux-x86_64 | 1.0.3 | 30.25 | 43.36 | 73.61 | OK | |
| r-release-linux-x86_64 | 1.0.3 | 30.32 | 43.08 | 73.40 | OK | |
| r-release-macos-arm64 | 1.0.3 | 12.00 | 33.00 | 45.00 | OK | |
| r-release-macos-x86_64 | 1.0.3 | 25.00 | 70.00 | 95.00 | OK | |
| r-release-windows-x86_64 | 1.0.3 | 40.00 | 90.00 | 130.00 | OK | |
| r-oldrel-macos-arm64 | 1.0.3 | 12.00 | 38.00 | 50.00 | NOTE | |
| r-oldrel-macos-x86_64 | 1.0.3 | 24.00 | 68.00 | 92.00 | NOTE | |
| r-oldrel-windows-x86_64 | 1.0.3 | 47.00 | 106.00 | 153.00 | NOTE |
Version: 1.0.3
Check: installed package size
Result: NOTE
installed size is 7.3Mb
sub-directories of 1Mb or more:
images 3.1Mb
libs 3.0Mb
Flavors: r-oldrel-macos-arm64, r-oldrel-macos-x86_64, r-oldrel-windows-x86_64