Last updated on 2025-11-11 00:50:04 CET.
| Flavor | Version | Tinstall | Tcheck | Ttotal | Status | Flags |
|---|---|---|---|---|---|---|
| r-devel-linux-x86_64-debian-clang | 1.1.0 | 82.47 | 85.62 | 168.09 | OK | |
| r-devel-linux-x86_64-debian-gcc | 1.1.0 | 52.07 | 60.56 | 112.63 | OK | |
| r-devel-linux-x86_64-fedora-clang | 1.1.0 | 141.00 | 149.03 | 290.03 | OK | |
| r-devel-linux-x86_64-fedora-gcc | 1.1.0 | 118.00 | 160.99 | 278.99 | OK | |
| r-devel-windows-x86_64 | 1.1.0 | 90.00 | 127.00 | 217.00 | OK | |
| r-patched-linux-x86_64 | 1.1.0 | 83.50 | 82.76 | 166.26 | OK | |
| r-release-linux-x86_64 | 1.1.0 | 80.14 | 81.28 | 161.42 | OK | |
| r-release-macos-arm64 | 1.1.0 | 29.00 | 61.00 | 90.00 | OK | |
| r-release-macos-x86_64 | 1.1.0 | 29.00 | 91.00 | 120.00 | OK | |
| r-release-windows-x86_64 | 1.1.0 | 88.00 | 124.00 | 212.00 | OK | |
| r-oldrel-macos-arm64 | 1.1.0 | 29.00 | 47.00 | 76.00 | NOTE | |
| r-oldrel-macos-x86_64 | 1.1.0 | 26.00 | 66.00 | 92.00 | NOTE | |
| r-oldrel-windows-x86_64 | 1.1.0 | 107.00 | 149.00 | 256.00 | OK |
Version: 1.1.0
Check: installed package size
Result: NOTE
installed size is 7.6Mb
sub-directories of 1Mb or more:
doc 2.5Mb
libs 4.7Mb
Flavors: r-oldrel-macos-arm64, r-oldrel-macos-x86_64