Last updated on 2025-11-11 00:50:04 CET.
| Flavor | Version | Tinstall | Tcheck | Ttotal | Status | Flags |
|---|---|---|---|---|---|---|
| r-devel-linux-x86_64-debian-clang | 0.0.3 | 33.23 | 279.10 | 312.33 | OK | |
| r-devel-linux-x86_64-debian-gcc | 0.0.3 | 19.78 | 181.75 | 201.53 | OK | |
| r-devel-linux-x86_64-fedora-clang | 0.0.3 | 71.00 | 407.73 | 478.73 | OK | |
| r-devel-linux-x86_64-fedora-gcc | 0.0.3 | 68.00 | 389.85 | 457.85 | OK | |
| r-devel-windows-x86_64 | 0.0.3 | 27.00 | 216.00 | 243.00 | OK | |
| r-patched-linux-x86_64 | 0.0.3 | 31.14 | 263.48 | 294.62 | OK | |
| r-release-linux-x86_64 | 0.0.3 | 29.88 | 259.68 | 289.56 | OK | |
| r-release-macos-arm64 | 0.0.3 | 11.00 | 85.00 | 96.00 | OK | |
| r-release-macos-x86_64 | 0.0.3 | 26.00 | 197.00 | 223.00 | OK | |
| r-release-windows-x86_64 | 0.0.3 | 27.00 | 212.00 | 239.00 | OK | |
| r-oldrel-macos-arm64 | 0.0.3 | 11.00 | 84.00 | 95.00 | NOTE | |
| r-oldrel-macos-x86_64 | 0.0.3 | 18.00 | 196.00 | 214.00 | NOTE | |
| r-oldrel-windows-x86_64 | 0.0.3 | 40.00 | 296.00 | 336.00 | NOTE |
Version: 0.0.3
Check: LazyData
Result: NOTE
'LazyData' is specified without a 'data' directory
Flavors: r-oldrel-macos-arm64, r-oldrel-macos-x86_64, r-oldrel-windows-x86_64