Last updated on 2025-11-12 01:48:57 CET.
| Flavor | Version | Tinstall | Tcheck | Ttotal | Status | Flags |
|---|---|---|---|---|---|---|
| r-devel-linux-x86_64-debian-clang | 0.2.1 | 4.36 | 40.53 | 44.89 | OK | |
| r-devel-linux-x86_64-debian-gcc | 0.2.1 | 2.88 | 29.56 | 32.44 | OK | |
| r-devel-linux-x86_64-fedora-clang | 0.2.1 | 10.00 | 57.20 | 67.20 | OK | |
| r-devel-linux-x86_64-fedora-gcc | 0.2.1 | 12.00 | 50.80 | 62.80 | OK | |
| r-devel-windows-x86_64 | 0.2.1 | 6.00 | 52.00 | 58.00 | OK | |
| r-patched-linux-x86_64 | 0.2.1 | 4.46 | 36.48 | 40.94 | OK | |
| r-release-linux-x86_64 | 0.2.1 | 3.42 | 36.67 | 40.09 | OK | |
| r-release-macos-arm64 | 0.2.1 | 2.00 | 22.00 | 24.00 | OK | |
| r-release-macos-x86_64 | 0.2.1 | 4.00 | 36.00 | 40.00 | OK | |
| r-release-windows-x86_64 | 0.2.1 | 6.00 | 52.00 | 58.00 | OK | |
| r-oldrel-macos-arm64 | 0.2.1 | 2.00 | 22.00 | 24.00 | NOTE | |
| r-oldrel-macos-x86_64 | 0.2.1 | 3.00 | 30.00 | 33.00 | NOTE | |
| r-oldrel-windows-x86_64 | 0.2.1 | 9.00 | 64.00 | 73.00 | NOTE |
Version: 0.2.1
Check: LazyData
Result: NOTE
'LazyData' is specified without a 'data' directory
Flavors: r-oldrel-macos-arm64, r-oldrel-macos-x86_64, r-oldrel-windows-x86_64