Last updated on 2025-11-12 01:48:57 CET.
| Flavor | Version | Tinstall | Tcheck | Ttotal | Status | Flags |
|---|---|---|---|---|---|---|
| r-devel-linux-x86_64-debian-clang | 1.2 | 67.54 | 67.87 | 135.41 | OK | |
| r-devel-linux-x86_64-debian-gcc | 1.2 | 43.64 | 65.90 | 109.54 | OK | |
| r-devel-linux-x86_64-fedora-clang | 1.2 | 96.00 | 121.67 | 217.67 | OK | |
| r-devel-linux-x86_64-fedora-gcc | 1.2 | 103.00 | 135.82 | 238.82 | OK | |
| r-devel-windows-x86_64 | 1.2 | 80.00 | 91.00 | 171.00 | OK | |
| r-patched-linux-x86_64 | 1.2 | 68.86 | 77.33 | 146.19 | OK | |
| r-release-linux-x86_64 | 1.2 | 66.87 | 70.50 | 137.37 | OK | |
| r-release-macos-arm64 | 1.2 | 28.00 | 46.00 | 74.00 | OK | |
| r-release-macos-x86_64 | 1.2 | 22.00 | 71.00 | 93.00 | OK | |
| r-release-windows-x86_64 | 1.2 | 77.00 | 92.00 | 169.00 | OK | |
| r-oldrel-macos-arm64 | 1.2 | 21.00 | 43.00 | 64.00 | NOTE | |
| r-oldrel-macos-x86_64 | 1.2 | 20.00 | 66.00 | 86.00 | NOTE | |
| r-oldrel-windows-x86_64 | 1.2 | 93.00 | 109.00 | 202.00 | OK |
Version: 1.2
Check: installed package size
Result: NOTE
installed size is 5.9Mb
sub-directories of 1Mb or more:
libs 5.2Mb
Flavors: r-oldrel-macos-arm64, r-oldrel-macos-x86_64