Last updated on 2025-11-11 00:50:03 CET.
| Flavor | Version | Tinstall | Tcheck | Ttotal | Status | Flags |
|---|---|---|---|---|---|---|
| r-devel-linux-x86_64-debian-clang | 0.1.2 | 10.62 | 92.10 | 102.72 | OK | |
| r-devel-linux-x86_64-debian-gcc | 0.1.2 | 8.10 | 65.45 | 73.55 | OK | |
| r-devel-linux-x86_64-fedora-clang | 0.1.2 | 23.00 | 161.03 | 184.03 | NOTE | |
| r-devel-linux-x86_64-fedora-gcc | 0.1.2 | 27.00 | 147.04 | 174.04 | NOTE | |
| r-devel-windows-x86_64 | 0.1.2 | 13.00 | 150.00 | 163.00 | OK | |
| r-patched-linux-x86_64 | 0.1.2 | 11.25 | 89.54 | 100.79 | OK | |
| r-release-linux-x86_64 | 0.1.2 | 10.46 | 89.82 | 100.28 | OK | |
| r-release-macos-arm64 | 0.1.2 | 6.00 | 53.00 | 59.00 | OK | |
| r-release-macos-x86_64 | 0.1.2 | 12.00 | 108.00 | 120.00 | OK | |
| r-release-windows-x86_64 | 0.1.2 | 13.00 | 147.00 | 160.00 | OK | |
| r-oldrel-macos-arm64 | 0.1.2 | 7.00 | 57.00 | 64.00 | OK | |
| r-oldrel-macos-x86_64 | 0.1.2 | 13.00 | 108.00 | 121.00 | OK | |
| r-oldrel-windows-x86_64 | 0.1.2 | 17.00 | 175.00 | 192.00 | OK |
Version: 0.1.2
Check: dependencies in R code
Result: NOTE
Namespace in Imports field not imported from: ‘mathjaxr’
All declared Imports should be used.
Flavors: r-devel-linux-x86_64-fedora-clang, r-devel-linux-x86_64-fedora-gcc