Last updated on 2025-11-11 00:50:03 CET.
| Flavor | Version | Tinstall | Tcheck | Ttotal | Status | Flags |
|---|---|---|---|---|---|---|
| r-devel-linux-x86_64-debian-clang | 0.2.1 | 39.53 | 763.70 | 803.23 | NOTE | |
| r-devel-linux-x86_64-debian-gcc | 0.2.1 | 29.13 | 596.42 | 625.55 | NOTE | |
| r-devel-linux-x86_64-fedora-clang | 0.2.1 | 93.00 | 1554.59 | 1647.59 | NOTE | |
| r-devel-linux-x86_64-fedora-gcc | 0.2.1 | 90.00 | 1624.59 | 1714.59 | NOTE | |
| r-devel-windows-x86_64 | 0.2.1 | 37.00 | 519.00 | 556.00 | NOTE | |
| r-patched-linux-x86_64 | 0.2.1 | 40.23 | 933.88 | 974.11 | NOTE | |
| r-release-linux-x86_64 | 0.2.1 | 43.26 | 920.32 | 963.58 | NOTE | |
| r-release-macos-arm64 | 0.2.1 | 14.00 | 107.00 | 121.00 | NOTE | |
| r-release-macos-x86_64 | 0.2.1 | 28.00 | 209.00 | 237.00 | NOTE | |
| r-release-windows-x86_64 | 0.2.1 | 36.00 | 506.00 | 542.00 | NOTE | |
| r-oldrel-macos-arm64 | 0.2.1 | 11.00 | 62.00 | 73.00 | OK | |
| r-oldrel-macos-x86_64 | 0.2.1 | 20.00 | 94.00 | 114.00 | OK | |
| r-oldrel-windows-x86_64 | 0.2.1 | 49.00 | 686.00 | 735.00 | OK |
Version: 0.2.1
Check: DESCRIPTION meta-information
Result: NOTE
Missing dependency on R >= 4.1.0 because package code uses the pipe
|> or function shorthand \(...) syntax added in R 4.1.0.
File(s) using such syntax:
‘plottingfunctions.bgms.R’ ‘plottingfunctions.easybgm.R’
Flavors: r-devel-linux-x86_64-debian-clang, r-devel-linux-x86_64-debian-gcc, r-devel-linux-x86_64-fedora-clang, r-devel-linux-x86_64-fedora-gcc, r-devel-windows-x86_64, r-patched-linux-x86_64, r-release-linux-x86_64, r-release-macos-arm64, r-release-macos-x86_64, r-release-windows-x86_64
Version: 0.2.1
Check: tests
Result: NOTE
Running ‘testthat.R’ [405s/156s]
Running R code in ‘testthat.R’ had CPU time 2.6 times elapsed time
Flavor: r-devel-linux-x86_64-debian-gcc
Version: 0.2.1
Check: tests
Result: NOTE
Running ‘testthat.R’ [673s/265s]
Running R code in ‘testthat.R’ had CPU time 2.5 times elapsed time
Flavor: r-patched-linux-x86_64
Version: 0.2.1
Check: tests
Result: NOTE
Running ‘testthat.R’ [663s/265s]
Running R code in ‘testthat.R’ had CPU time 2.5 times elapsed time
Flavor: r-release-linux-x86_64