Last updated on 2025-11-12 01:48:56 CET.
| Flavor | Version | Tinstall | Tcheck | Ttotal | Status | Flags |
|---|---|---|---|---|---|---|
| r-devel-linux-x86_64-debian-clang | 2.5.2 | 9.47 | 79.66 | 89.13 | OK | |
| r-devel-linux-x86_64-debian-gcc | 2.5.2 | 8.04 | 64.21 | 72.25 | OK | |
| r-devel-linux-x86_64-fedora-clang | 2.5.2 | 20.00 | 112.33 | 132.33 | OK | |
| r-devel-linux-x86_64-fedora-gcc | 2.5.2 | 28.00 | 105.35 | 133.35 | OK | |
| r-devel-windows-x86_64 | 2.5.2 | 42.00 | 110.00 | 152.00 | OK | |
| r-patched-linux-x86_64 | 2.5.2 | 11.13 | 76.04 | 87.17 | OK | |
| r-release-linux-x86_64 | 2.5.2 | 9.82 | 76.27 | 86.09 | OK | |
| r-release-macos-arm64 | 2.5.2 | 10.00 | 55.00 | 65.00 | OK | |
| r-release-macos-x86_64 | 2.5.2 | 9.00 | 87.00 | 96.00 | OK | |
| r-release-windows-x86_64 | 2.5.2 | 38.00 | 109.00 | 147.00 | OK | |
| r-oldrel-macos-arm64 | 2.5.2 | 6.00 | 49.00 | 55.00 | NOTE | |
| r-oldrel-macos-x86_64 | 2.5.2 | 7.00 | 88.00 | 95.00 | NOTE | |
| r-oldrel-windows-x86_64 | 2.5.2 | 43.00 | 127.00 | 170.00 | NOTE |
Version: 2.5.2
Check: for GNU extensions in Makefiles
Result: NOTE
GNU make is a SystemRequirements.
Flavors: r-oldrel-macos-arm64, r-oldrel-macos-x86_64, r-oldrel-windows-x86_64