Last updated on 2025-11-11 00:50:03 CET.
| Flavor | Version | Tinstall | Tcheck | Ttotal | Status | Flags |
|---|---|---|---|---|---|---|
| r-devel-linux-x86_64-debian-clang | 0.1.0 | 2.38 | 30.10 | 32.48 | NOTE | |
| r-devel-linux-x86_64-debian-gcc | 0.1.0 | 1.86 | 23.55 | 25.41 | NOTE | |
| r-devel-linux-x86_64-fedora-clang | 0.1.0 | 48.93 | OK | |||
| r-devel-linux-x86_64-fedora-gcc | 0.1.0 | 60.11 | OK | |||
| r-devel-windows-x86_64 | 0.1.0 | 5.00 | 53.00 | 58.00 | OK | |
| r-patched-linux-x86_64 | 0.1.0 | 2.46 | 28.08 | 30.54 | OK | |
| r-release-linux-x86_64 | 0.1.0 | 2.22 | 28.01 | 30.23 | OK | |
| r-release-macos-arm64 | 0.1.0 | 2.00 | 38.00 | 40.00 | OK | |
| r-release-macos-x86_64 | 0.1.0 | 2.00 | 66.00 | 68.00 | OK | |
| r-release-windows-x86_64 | 0.1.0 | 5.00 | 52.00 | 57.00 | OK | |
| r-oldrel-macos-arm64 | 0.1.0 | 1.00 | 32.00 | 33.00 | OK | |
| r-oldrel-macos-x86_64 | 0.1.0 | 2.00 | 44.00 | 46.00 | OK | |
| r-oldrel-windows-x86_64 | 0.1.0 | 5.00 | 115.00 | 120.00 | ERROR |
Version: 0.1.0
Check: CRAN incoming feasibility
Result: NOTE
Maintainer: ‘Chris Mann <cmann3@unl.edu>’
No Authors@R field in DESCRIPTION.
Please add one, modifying
Authors@R: person(given = "Chris",
family = "Mann",
role = c("aut", "cre"),
email = "cmann3@unl.edu")
as necessary.
Flavors: r-devel-linux-x86_64-debian-clang, r-devel-linux-x86_64-debian-gcc
Version: 0.1.0
Check: re-building of vignette outputs
Result: ERROR
Error(s) in re-building vignettes:
--- re-building 'FetchingDataFromFRED.Rmd' using rmarkdown
Quitting from FetchingDataFromFRED.Rmd:75-78 [unnamed-chunk-5]
~~~~~~~~~~~~~~~~~~~~~~~~~~~~~~~~~~~~~~~~~~~~~~~~~~~~~~~~~~~~~~~~~~~~~~~~~~~~~~~~
<error/rlang_error>
Error:
! lexical error: invalid char in json text.
<html> <head><title>504 Gatewa
(right here) ------^
---
Backtrace:
▆
1. └─eFRED::fred_search("unemployment", args = list(limit = 3))
2. └─eFRED:::.fred_search(text, key, "?search_text=", other)
3. └─jsonlite::fromJSON(content(GET(url), as = "text"))
4. └─jsonlite:::parse_and_simplify(...)
5. └─jsonlite:::parseJSON(txt, bigint_as_char)
6. └─jsonlite:::parse_string(txt, bigint_as_char)
~~~~~~~~~~~~~~~~~~~~~~~~~~~~~~~~~~~~~~~~~~~~~~~~~~~~~~~~~~~~~~~~~~~~~~~~~~~~~~~~
Error: processing vignette 'FetchingDataFromFRED.Rmd' failed with diagnostics:
lexical error: invalid char in json text.
<html> <head><title>504 Gatewa
(right here) ------^
--- failed re-building 'FetchingDataFromFRED.Rmd'
SUMMARY: processing the following file failed:
'FetchingDataFromFRED.Rmd'
Error: Vignette re-building failed.
Execution halted
Flavor: r-oldrel-windows-x86_64