Last updated on 2025-11-11 00:50:03 CET.
| Flavor | Version | Tinstall | Tcheck | Ttotal | Status | Flags |
|---|---|---|---|---|---|---|
| r-devel-linux-x86_64-debian-clang | 1.1.1 | 7.80 | 94.21 | 102.01 | NOTE | |
| r-devel-linux-x86_64-debian-gcc | 1.1.1 | 5.64 | 64.78 | 70.42 | NOTE | |
| r-devel-linux-x86_64-fedora-clang | 1.1.1 | 49.00 | 115.50 | 164.50 | NOTE | |
| r-devel-linux-x86_64-fedora-gcc | 1.1.1 | 16.00 | 149.25 | 165.25 | NOTE | |
| r-devel-windows-x86_64 | 1.1.1 | 10.00 | 108.00 | 118.00 | NOTE | |
| r-patched-linux-x86_64 | 1.1.1 | 6.89 | 87.64 | 94.53 | NOTE | |
| r-release-linux-x86_64 | 1.1.1 | 6.46 | 86.18 | 92.64 | NOTE | |
| r-release-macos-arm64 | 1.1.1 | 4.00 | 58.00 | 62.00 | NOTE | |
| r-release-macos-x86_64 | 1.1.1 | 7.00 | 93.00 | 100.00 | NOTE | |
| r-release-windows-x86_64 | 1.1.1 | 10.00 | 102.00 | 112.00 | NOTE | |
| r-oldrel-macos-arm64 | 1.1.1 | 3.00 | 63.00 | 66.00 | OK | |
| r-oldrel-macos-x86_64 | 1.1.1 | 6.00 | 90.00 | 96.00 | OK | |
| r-oldrel-windows-x86_64 | 1.1.1 | 1.00 | 9.00 | 10.00 | ERROR |
Version: 1.1.1
Check: DESCRIPTION meta-information
Result: NOTE
Missing dependency on R >= 4.1.0 because package code uses the pipe
|> or function shorthand \(...) syntax added in R 4.1.0.
File(s) using such syntax:
‘getConstraintTests.R’ ‘getInvarCompTable.R’ ‘outputConstraintTab.R’
‘outputInvarCompTab.R’
Flavors: r-devel-linux-x86_64-debian-clang, r-devel-linux-x86_64-debian-gcc, r-devel-linux-x86_64-fedora-clang, r-devel-linux-x86_64-fedora-gcc, r-devel-windows-x86_64, r-patched-linux-x86_64, r-release-linux-x86_64, r-release-macos-arm64, r-release-macos-x86_64, r-release-windows-x86_64
Version: 1.1.1
Check: package dependencies
Result: ERROR
Package required but not available: 'semPlot'
See section 'The DESCRIPTION file' in the 'Writing R Extensions'
manual.
Flavor: r-oldrel-windows-x86_64