Last updated on 2025-11-11 00:50:03 CET.
| Flavor | Version | Tinstall | Tcheck | Ttotal | Status | Flags |
|---|---|---|---|---|---|---|
| r-devel-linux-x86_64-debian-clang | 2.0.0 | 12.32 | 141.66 | 153.98 | NOTE | |
| r-devel-linux-x86_64-debian-gcc | 2.0.0 | 8.07 | 97.05 | 105.12 | NOTE | |
| r-devel-linux-x86_64-fedora-clang | 2.0.0 | 22.00 | 210.95 | 232.95 | NOTE | |
| r-devel-linux-x86_64-fedora-gcc | 2.0.0 | 24.00 | 207.43 | 231.43 | NOTE | |
| r-devel-windows-x86_64 | 2.0.0 | 13.00 | 138.00 | 151.00 | NOTE | |
| r-patched-linux-x86_64 | 2.0.0 | 8.60 | 132.27 | 140.87 | NOTE | |
| r-release-linux-x86_64 | 2.0.0 | 10.64 | 132.03 | 142.67 | NOTE | |
| r-release-macos-arm64 | 2.0.0 | 5.00 | 66.00 | 71.00 | NOTE | |
| r-release-macos-x86_64 | 2.0.0 | 9.00 | 107.00 | 116.00 | NOTE | |
| r-release-windows-x86_64 | 2.0.0 | 12.00 | 136.00 | 148.00 | NOTE | |
| r-oldrel-macos-arm64 | 2.0.0 | 5.00 | 52.00 | 57.00 | NOTE | |
| r-oldrel-macos-x86_64 | 2.0.0 | 7.00 | 85.00 | 92.00 | NOTE | |
| r-oldrel-windows-x86_64 | 2.0.0 | 17.00 | 178.00 | 195.00 | NOTE |
Version: 2.0.0
Check: Rd files
Result: NOTE
checkRd: (-1) confint.dr4pl.Rd:49: Escaped LaTeX specials: \&
checkRd: (-1) gof-dr4pl.Rd:40: Escaped LaTeX specials: \&
checkRd: (-1) vcov.dr4pl.Rd:61: Escaped LaTeX specials: \&
Flavors: r-devel-linux-x86_64-debian-clang, r-devel-linux-x86_64-debian-gcc, r-devel-linux-x86_64-fedora-clang, r-devel-linux-x86_64-fedora-gcc, r-devel-windows-x86_64, r-patched-linux-x86_64, r-release-linux-x86_64, r-release-macos-arm64, r-release-macos-x86_64, r-release-windows-x86_64, r-oldrel-macos-arm64, r-oldrel-macos-x86_64, r-oldrel-windows-x86_64