Last updated on 2025-11-12 01:48:56 CET.
| Flavor | Version | Tinstall | Tcheck | Ttotal | Status | Flags |
|---|---|---|---|---|---|---|
| r-devel-linux-x86_64-debian-clang | 2.0.6 | 21.89 | 250.82 | 272.71 | OK | |
| r-devel-linux-x86_64-debian-gcc | 2.0.6 | 14.69 | 149.92 | 164.61 | OK | |
| r-devel-linux-x86_64-fedora-clang | 2.0.6 | 147.00 | 317.59 | 464.59 | OK | |
| r-devel-linux-x86_64-fedora-gcc | 2.0.6 | 60.00 | 689.91 | 749.91 | OK | |
| r-devel-windows-x86_64 | 2.0.6 | 22.00 | 201.00 | 223.00 | OK | |
| r-patched-linux-x86_64 | 2.0.6 | 23.42 | 234.20 | 257.62 | OK | |
| r-release-linux-x86_64 | 2.0.6 | 21.87 | 234.60 | 256.47 | OK | |
| r-release-macos-arm64 | 2.0.6 | 7.00 | 91.00 | 98.00 | OK | |
| r-release-macos-x86_64 | 2.0.6 | 22.00 | 198.00 | 220.00 | OK | |
| r-release-windows-x86_64 | 2.0.6 | 21.00 | 198.00 | 219.00 | OK | |
| r-oldrel-macos-arm64 | 2.0.6 | 8.00 | 80.00 | 88.00 | NOTE | |
| r-oldrel-macos-x86_64 | 2.0.6 | 15.00 | 138.00 | 153.00 | NOTE | |
| r-oldrel-windows-x86_64 | 2.0.6 | 36.00 | 269.00 | 305.00 | OK |
Version: 2.0.6
Check: package dependencies
Result: NOTE
Package which this enhances but not available for checking: ‘INLA’
Flavors: r-oldrel-macos-arm64, r-oldrel-macos-x86_64