Last updated on 2025-11-11 00:50:02 CET.
| Flavor | Version | Tinstall | Tcheck | Ttotal | Status | Flags |
|---|---|---|---|---|---|---|
| r-devel-linux-x86_64-debian-clang | 1.0.0 | 3.84 | 32.33 | 36.17 | OK | |
| r-devel-linux-x86_64-debian-gcc | 1.0.0 | 2.63 | 24.21 | 26.84 | OK | |
| r-devel-linux-x86_64-fedora-clang | 1.0.0 | 52.89 | OK | |||
| r-devel-linux-x86_64-fedora-gcc | 1.0.0 | 49.70 | OK | |||
| r-devel-windows-x86_64 | 1.0.0 | 6.00 | 47.00 | 53.00 | OK | |
| r-patched-linux-x86_64 | 1.0.0 | 3.68 | 28.83 | 32.51 | OK | |
| r-release-linux-x86_64 | 1.0.0 | 3.60 | 29.79 | 33.39 | OK | |
| r-release-macos-arm64 | 1.0.0 | 2.00 | 19.00 | 21.00 | OK | |
| r-release-macos-x86_64 | 1.0.0 | 3.00 | 30.00 | 33.00 | OK | |
| r-release-windows-x86_64 | 1.0.0 | 6.00 | 45.00 | 51.00 | OK | |
| r-oldrel-macos-arm64 | 1.0.0 | 2.00 | 17.00 | 19.00 | NOTE | |
| r-oldrel-macos-x86_64 | 1.0.0 | 2.00 | 32.00 | 34.00 | NOTE | |
| r-oldrel-windows-x86_64 | 1.0.0 | 6.00 | 56.00 | 62.00 | NOTE |
Version: 1.0.0
Check: LazyData
Result: NOTE
'LazyData' is specified without a 'data' directory
Flavors: r-oldrel-macos-arm64, r-oldrel-macos-x86_64, r-oldrel-windows-x86_64