Last updated on 2025-11-12 01:48:56 CET.
| Flavor | Version | Tinstall | Tcheck | Ttotal | Status | Flags |
|---|---|---|---|---|---|---|
| r-devel-linux-x86_64-debian-clang | 2.6.0 | 16.37 | 104.11 | 120.48 | OK | |
| r-devel-linux-x86_64-debian-gcc | 2.6.0 | 11.76 | 68.34 | 80.10 | OK | |
| r-devel-linux-x86_64-fedora-clang | 2.6.0 | 39.00 | 153.75 | 192.75 | OK | |
| r-devel-linux-x86_64-fedora-gcc | 2.6.0 | 35.00 | 158.80 | 193.80 | OK | |
| r-devel-windows-x86_64 | 2.6.0 | 21.00 | 104.00 | 125.00 | OK | |
| r-patched-linux-x86_64 | 2.6.0 | 19.64 | 97.23 | 116.87 | OK | |
| r-release-linux-x86_64 | 2.6.0 | 16.02 | 97.64 | 113.66 | OK | |
| r-release-macos-arm64 | 2.6.0 | 7.00 | 45.00 | 52.00 | OK | |
| r-release-macos-x86_64 | 2.6.0 | 18.00 | 108.00 | 126.00 | OK | |
| r-release-windows-x86_64 | 2.6.0 | 21.00 | 102.00 | 123.00 | OK | |
| r-oldrel-macos-arm64 | 2.6.0 | 9.00 | 81.00 | 90.00 | OK | |
| r-oldrel-macos-x86_64 | 2.6.0 | 18.00 | 105.00 | 123.00 | OK | |
| r-oldrel-windows-x86_64 | 2.6.0 | 30.00 | 128.00 | 158.00 | ERROR |
Version: 2.6.0
Check: re-building of vignette outputs
Result: ERROR
Error(s) in re-building vignettes:
--- re-building 'dgpsi.Rmd' using rmarkdown
File ./images/step_fct_loo.png not found in resource path
Error: processing vignette 'dgpsi.Rmd' failed with diagnostics:
pandoc document conversion failed with error 99
--- failed re-building 'dgpsi.Rmd'
SUMMARY: processing the following file failed:
'dgpsi.Rmd'
Error: Vignette re-building failed.
Execution halted
Flavor: r-oldrel-windows-x86_64