Last updated on 2025-11-11 00:50:02 CET.
| Flavor | Version | Tinstall | Tcheck | Ttotal | Status | Flags |
|---|---|---|---|---|---|---|
| r-devel-linux-x86_64-debian-clang | 0.2.2 | 94.72 | 543.90 | 638.62 | NOTE | |
| r-devel-linux-x86_64-debian-gcc | 0.2.2 | 61.21 | 333.63 | 394.84 | NOTE | |
| r-devel-linux-x86_64-fedora-clang | 0.2.2 | 127.00 | 707.79 | 834.79 | OK | |
| r-devel-linux-x86_64-fedora-gcc | 0.2.2 | 131.00 | 656.42 | 787.42 | OK | |
| r-devel-windows-x86_64 | 0.2.2 | 106.00 | 286.00 | 392.00 | OK | |
| r-patched-linux-x86_64 | 0.2.2 | 96.27 | 431.72 | 527.99 | OK | |
| r-release-linux-x86_64 | 0.2.2 | 89.39 | 428.52 | 517.91 | NOTE | |
| r-release-macos-arm64 | 0.2.2 | 34.00 | 131.00 | 165.00 | OK | |
| r-release-macos-x86_64 | 0.2.2 | 35.00 | 260.00 | 295.00 | OK | |
| r-release-windows-x86_64 | 0.2.2 | 105.00 | 283.00 | 388.00 | OK | |
| r-oldrel-macos-arm64 | 0.2.2 | 32.00 | 132.00 | 164.00 | NOTE | |
| r-oldrel-macos-x86_64 | 0.2.2 | 42.00 | 265.00 | 307.00 | NOTE | |
| r-oldrel-windows-x86_64 | 0.2.2 | 129.00 | 391.00 | 520.00 | OK |
Version: 0.2.2
Check: tests
Result: NOTE
Running ‘testthat.R’ [274s/67s]
Running R code in ‘testthat.R’ had CPU time 4.1 times elapsed time
Flavor: r-devel-linux-x86_64-debian-clang
Version: 0.2.2
Check: tests
Result: NOTE
Running ‘testthat.R’ [167s/52s]
Running R code in ‘testthat.R’ had CPU time 3.2 times elapsed time
Flavor: r-devel-linux-x86_64-debian-gcc
Version: 0.2.2
Check: tests
Result: NOTE
Running ‘testthat.R’ [205s/82s]
Running R code in ‘testthat.R’ had CPU time 2.5 times elapsed time
Flavor: r-release-linux-x86_64
Version: 0.2.2
Check: installed package size
Result: NOTE
installed size is 8.1Mb
sub-directories of 1Mb or more:
libs 6.3Mb
Flavors: r-oldrel-macos-arm64, r-oldrel-macos-x86_64