Last updated on 2025-11-12 01:48:55 CET.
| Flavor | Version | Tinstall | Tcheck | Ttotal | Status | Flags |
|---|---|---|---|---|---|---|
| r-devel-linux-x86_64-debian-clang | 1.0.0 | 22.85 | 118.55 | 141.40 | NOTE | |
| r-devel-linux-x86_64-debian-gcc | 1.0.0 | 14.94 | 85.68 | 100.62 | NOTE | |
| r-devel-linux-x86_64-fedora-clang | 1.0.0 | 47.00 | 167.32 | 214.32 | NOTE | |
| r-devel-linux-x86_64-fedora-gcc | 1.0.0 | 41.00 | 176.34 | 217.34 | NOTE | |
| r-devel-windows-x86_64 | 1.0.0 | 23.00 | 127.00 | 150.00 | NOTE | |
| r-patched-linux-x86_64 | 1.0.0 | 20.58 | 108.81 | 129.39 | NOTE | |
| r-release-linux-x86_64 | 1.0.0 | 20.69 | 107.79 | 128.48 | NOTE | |
| r-release-macos-arm64 | 1.0.0 | 8.00 | 56.00 | 64.00 | NOTE | |
| r-release-macos-x86_64 | 1.0.0 | 18.00 | 124.00 | 142.00 | NOTE | |
| r-release-windows-x86_64 | 1.0.0 | 24.00 | 125.00 | 149.00 | NOTE | |
| r-oldrel-macos-arm64 | 1.0.0 | 8.00 | 65.00 | 73.00 | OK | |
| r-oldrel-macos-x86_64 | 1.0.0 | 14.00 | 93.00 | 107.00 | OK | |
| r-oldrel-windows-x86_64 | 1.0.0 | 31.00 | 155.00 | 186.00 | OK |
Version: 1.0.0
Check: DESCRIPTION meta-information
Result: NOTE
Missing dependency on R >= 4.1.0 because package code uses the pipe
|> or function shorthand \(...) syntax added in R 4.1.0.
File(s) using such syntax:
‘api.R’ ‘category_blur.R’ ‘deident.R’
Flavors: r-devel-linux-x86_64-debian-clang, r-devel-linux-x86_64-debian-gcc, r-devel-linux-x86_64-fedora-clang, r-devel-linux-x86_64-fedora-gcc, r-devel-windows-x86_64, r-patched-linux-x86_64, r-release-linux-x86_64, r-release-macos-arm64, r-release-macos-x86_64, r-release-windows-x86_64