Last updated on 2025-11-11 00:50:02 CET.
| Flavor | Version | Tinstall | Tcheck | Ttotal | Status | Flags |
|---|---|---|---|---|---|---|
| r-devel-linux-x86_64-debian-clang | 2.0.0 | 122.10 | 48.37 | 170.47 | OK | |
| r-devel-linux-x86_64-debian-gcc | 2.0.0 | 96.14 | 38.95 | 135.09 | OK | |
| r-devel-linux-x86_64-fedora-clang | 2.0.0 | 143.00 | 129.30 | 272.30 | OK | |
| r-devel-linux-x86_64-fedora-gcc | 2.0.0 | 122.00 | 165.30 | 287.30 | OK | |
| r-devel-windows-x86_64 | 2.0.0 | 119.00 | 100.00 | 219.00 | OK | |
| r-patched-linux-x86_64 | 2.0.0 | 123.51 | 44.21 | 167.72 | OK | |
| r-release-linux-x86_64 | 2.0.0 | 124.68 | 43.93 | 168.61 | OK | |
| r-release-macos-arm64 | 2.0.0 | 38.00 | 39.00 | 77.00 | OK | |
| r-release-macos-x86_64 | 2.0.0 | 54.00 | 123.00 | 177.00 | OK | |
| r-release-windows-x86_64 | 2.0.0 | 121.00 | 103.00 | 224.00 | OK | |
| r-oldrel-macos-arm64 | 2.0.0 | 36.00 | 42.00 | 78.00 | NOTE | |
| r-oldrel-macos-x86_64 | 2.0.0 | 55.00 | 128.00 | 183.00 | NOTE | |
| r-oldrel-windows-x86_64 | 2.0.0 | 138.00 | 120.00 | 258.00 | OK |
Version: 2.0.0
Check: installed package size
Result: NOTE
installed size is 6.8Mb
sub-directories of 1Mb or more:
libs 5.8Mb
Flavors: r-oldrel-macos-arm64, r-oldrel-macos-x86_64