CRAN Package Check Results for Package dagirlite

Last updated on 2025-11-22 22:51:01 CET.

Flavor Version Tinstall Tcheck Ttotal Status Flags
r-devel-linux-x86_64-debian-clang 0.1.0 1.75 27.28 29.03 OK
r-devel-linux-x86_64-debian-gcc 0.1.0 1.45 21.94 23.39 OK
r-devel-linux-x86_64-fedora-clang 0.1.0 40.92 NOTE
r-devel-linux-x86_64-fedora-gcc 0.1.0 38.65 NOTE
r-devel-windows-x86_64 0.1.0 4.00 47.00 51.00 OK
r-patched-linux-x86_64 0.1.0 1.87 24.99 26.86 OK
r-release-linux-x86_64 0.1.0 1.55 25.22 26.77 OK
r-release-macos-arm64 0.1.0 OK
r-release-macos-x86_64 0.1.0 2.00 26.00 28.00 OK
r-release-windows-x86_64 0.1.0 4.00 50.00 54.00 OK
r-oldrel-macos-arm64 0.1.0 OK
r-oldrel-macos-x86_64 0.1.0 1.00 23.00 24.00 OK
r-oldrel-windows-x86_64 0.1.0 4.00 50.00 54.00 OK

Check Details

Version: 0.1.0
Check: dependencies in R code
Result: NOTE Namespace in Imports field not imported from: ‘knitr’ All declared Imports should be used. Flavors: r-devel-linux-x86_64-fedora-clang, r-devel-linux-x86_64-fedora-gcc