Last updated on 2025-11-12 01:48:55 CET.
| Flavor | Version | Tinstall | Tcheck | Ttotal | Status | Flags |
|---|---|---|---|---|---|---|
| r-devel-linux-x86_64-debian-clang | 2.0.0 | 15.47 | 459.64 | 475.11 | OK | |
| r-devel-linux-x86_64-debian-gcc | 2.0.0 | 11.03 | 313.74 | 324.77 | OK | |
| r-devel-linux-x86_64-fedora-clang | 2.0.0 | 96.00 | 676.40 | 772.40 | OK | |
| r-devel-linux-x86_64-fedora-gcc | 2.0.0 | 33.00 | 656.38 | 689.38 | OK | |
| r-devel-windows-x86_64 | 1.8.1 | 17.00 | 387.00 | 404.00 | NOTE | |
| r-patched-linux-x86_64 | 1.8.1 | 16.41 | 424.18 | 440.59 | OK | |
| r-release-linux-x86_64 | 1.8.1 | 17.65 | 426.13 | 443.78 | OK | |
| r-release-macos-arm64 | 2.0.0 | 8.00 | 186.00 | 194.00 | OK | |
| r-release-macos-x86_64 | 2.0.0 | 18.00 | 399.00 | 417.00 | OK | |
| r-release-windows-x86_64 | 1.8.1 | 21.00 | 377.00 | 398.00 | OK | |
| r-oldrel-macos-arm64 | 2.0.0 | 8.00 | 185.00 | 193.00 | OK | |
| r-oldrel-macos-x86_64 | 2.0.0 | 19.00 | 450.00 | 469.00 | NOTE | |
| r-oldrel-windows-x86_64 | 1.8.1 | 30.00 | 532.00 | 562.00 | OK |
Version: 1.8.1
Check: Rd files
Result: NOTE
checkRd: (-1) cross_validate.Rd:105-112: Only 3 columns allowed in this table (row 1 has 2)
checkRd: (-1) cross_validate.Rd:105-112: Only 3 columns allowed in this table (row 2 has 2)
checkRd: (-1) cross_validate.Rd:105-112: Only 3 columns allowed in this table (row 3 has 2)
checkRd: (-1) cross_validate.Rd:105-112: Only 3 columns allowed in this table (row 4 has 2)
checkRd: (-1) cross_validate.Rd:105-112: Only 3 columns allowed in this table (row 5 has 2)
checkRd: (-1) evaluate.Rd:36-42: Only 5 columns allowed in this table (row 1 has 4)
checkRd: (-1) evaluate.Rd:36-42: Only 5 columns allowed in this table (row 2 has 4)
checkRd: (-1) evaluate.Rd:36-42: Only 5 columns allowed in this table (row 3 has 4)
checkRd: (-1) evaluate.Rd:36-42: Only 5 columns allowed in this table (row 4 has 4)
checkRd: (-1) evaluate.Rd:36-42: Only 5 columns allowed in this table (row 5 has 4)
checkRd: (-1) evaluate.Rd:48-53: Only 5 columns allowed in this table (row 1 has 2)
checkRd: (-1) evaluate.Rd:48-53: Only 5 columns allowed in this table (row 2 has 2)
checkRd: (-1) evaluate.Rd:48-53: Only 5 columns allowed in this table (row 3 has 2)
checkRd: (-1) evaluate.Rd:48-53: Only 5 columns allowed in this table (row 4 has 2)
checkRd: (-1) evaluate.Rd:48-53: Only 5 columns allowed in this table (row 5 has 2)
checkRd: (-1) evaluate.Rd:65-70: Only 5 columns allowed in this table (row 1 has 2)
checkRd: (-1) evaluate.Rd:65-70: Only 5 columns allowed in this table (row 2 has 2)
checkRd: (-1) evaluate.Rd:65-70: Only 5 columns allowed in this table (row 3 has 2)
checkRd: (-1) evaluate.Rd:65-70: Only 5 columns allowed in this table (row 4 has 2)
checkRd: (-1) evaluate.Rd:65-70: Only 5 columns allowed in this table (row 5 has 2)
checkRd: (-1) evaluate.Rd:80-85: Only 5 columns allowed in this table (row 1 has 2)
checkRd: (-1) evaluate.Rd:80-85: Only 5 columns allowed in this table (row 2 has 2)
checkRd: (-1) evaluate.Rd:80-85: Only 5 columns allowed in this table (row 3 has 2)
checkRd: (-1) evaluate.Rd:80-85: Only 5 columns allowed in this table (row 4 has 2)
checkRd: (-1) evaluate.Rd:80-85: Only 5 columns allowed in this table (row 5 has 2)
checkRd: (-1) evaluate.Rd:96-101: Only 5 columns allowed in this table (row 1 has 2)
checkRd: (-1) evaluate.Rd:96-101: Only 5 columns allowed in this table (row 2 has 2)
checkRd: (-1) evaluate.Rd:96-101: Only 5 columns allowed in this table (row 3 has 2)
checkRd: (-1) evaluate.Rd:96-101: Only 5 columns allowed in this table (row 4 has 2)
checkRd: (-1) evaluate.Rd:96-101: Only 5 columns allowed in this table (row 5 has 2)
checkRd: (-1) most_challenging.Rd:37-43: Only 5 columns allowed in this table (row 1 has 4)
checkRd: (-1) most_challenging.Rd:37-43: Only 5 columns allowed in this table (row 2 has 4)
checkRd: (-1) most_challenging.Rd:37-43: Only 5 columns allowed in this table (row 3 has 4)
checkRd: (-1) most_challenging.Rd:37-43: Only 5 columns allowed in this table (row 4 has 4)
checkRd: (-1) most_challenging.Rd:37-43: Only 5 columns allowed in this table (row 5 has 4)
checkRd: (-1) most_challenging.Rd:49-54: Only 5 columns allowed in this table (row 1 has 2)
checkRd: (-1) most_challenging.Rd:49-54: Only 5 columns allowed in this table (row 2 has 2)
checkRd: (-1) most_challenging.Rd:49-54: Only 5 columns allowed in this table (row 3 has 2)
checkRd: (-1) most_challenging.Rd:49-54: Only 5 columns allowed in this table (row 4 has 2)
checkRd: (-1) most_challenging.Rd:49-54: Only 5 columns allowed in this table (row 5 has 2)
checkRd: (-1) most_challenging.Rd:66-71: Only 5 columns allowed in this table (row 1 has 2)
checkRd: (-1) most_challenging.Rd:66-71: Only 5 columns allowed in this table (row 2 has 2)
checkRd: (-1) most_challenging.Rd:66-71: Only 5 columns allowed in this table (row 3 has 2)
checkRd: (-1) most_challenging.Rd:66-71: Only 5 columns allowed in this table (row 4 has 2)
checkRd: (-1) most_challenging.Rd:66-71: Only 5 columns allowed in this table (row 5 has 2)
checkRd: (-1) most_challenging.Rd:81-86: Only 5 columns allowed in this table (row 1 has 2)
checkRd: (-1) most_challenging.Rd:81-86: Only 5 columns allowed in this table (row 2 has 2)
checkRd: (-1) most_challenging.Rd:81-86: Only 5 columns allowed in this table (row 3 has 2)
checkRd: (-1) most_challenging.Rd:81-86: Only 5 columns allowed in this table (row 4 has 2)
checkRd: (-1) most_challenging.Rd:81-86: Only 5 columns allowed in this table (row 5 has 2)
checkRd: (-1) most_challenging.Rd:93-98: Only 5 columns allowed in this table (row 1 has 2)
checkRd: (-1) most_challenging.Rd:93-98: Only 5 columns allowed in this table (row 2 has 2)
checkRd: (-1) most_challenging.Rd:93-98: Only 5 columns allowed in this table (row 3 has 2)
checkRd: (-1) most_challenging.Rd:93-98: Only 5 columns allowed in this table (row 4 has 2)
checkRd: (-1) most_challenging.Rd:93-98: Only 5 columns allowed in this table (row 5 has 2)
checkRd: (-1) preprocess_functions.Rd:13-20: Only 3 columns allowed in this table (row 1 has 2)
checkRd: (-1) preprocess_functions.Rd:13-20: Only 3 columns allowed in this table (row 2 has 2)
checkRd: (-1) preprocess_functions.Rd:13-20: Only 3 columns allowed in this table (row 3 has 2)
checkRd: (-1) preprocess_functions.Rd:13-20: Only 3 columns allowed in this table (row 4 has 2)
checkRd: (-1) preprocess_functions.Rd:13-20: Only 3 columns allowed in this table (row 5 has 2)
checkRd: (-1) preprocess_functions.Rd:13-20: Only 3 columns allowed in this table (row 6 has 2)
checkRd: (-1) validate.Rd:113-120: Only 3 columns allowed in this table (row 1 has 2)
checkRd: (-1) validate.Rd:113-120: Only 3 columns allowed in this table (row 2 has 2)
checkRd: (-1) validate.Rd:113-120: Only 3 columns allowed in this table (row 3 has 2)
checkRd: (-1) validate.Rd:113-120: Only 3 columns allowed in this table (row 4 has 2)
checkRd: (-1) validate.Rd:113-120: Only 3 columns allowed in this table (row 5 has 2)
Flavor: r-devel-windows-x86_64
Version: 2.0.0
Check: installed package size
Result: NOTE
installed size is 5.8Mb
sub-directories of 1Mb or more:
data 2.1Mb
doc 2.4Mb
Flavor: r-oldrel-macos-x86_64