Last updated on 2025-11-12 01:48:55 CET.
| Flavor | Version | Tinstall | Tcheck | Ttotal | Status | Flags |
|---|---|---|---|---|---|---|
| r-devel-linux-x86_64-debian-clang | 2.0.1 | 13.74 | 24.46 | 38.20 | NOTE | |
| r-devel-linux-x86_64-debian-gcc | 2.0.1 | 9.38 | 20.14 | 29.52 | NOTE | |
| r-devel-linux-x86_64-fedora-clang | 2.0.1 | 23.00 | 38.82 | 61.82 | OK | |
| r-devel-linux-x86_64-fedora-gcc | 2.0.1 | 35.00 | 24.33 | 59.33 | OK | |
| r-devel-windows-x86_64 | 2.0.1 | 17.00 | 56.00 | 73.00 | OK | |
| r-patched-linux-x86_64 | 2.0.1 | 13.94 | 23.52 | 37.46 | OK | |
| r-release-linux-x86_64 | 2.0.1 | 12.74 | 23.41 | 36.15 | OK | |
| r-release-macos-arm64 | 2.0.1 | 6.00 | 16.00 | 22.00 | OK | |
| r-release-macos-x86_64 | 2.0.1 | 12.00 | 25.00 | 37.00 | OK | |
| r-release-windows-x86_64 | 2.0.1 | 17.00 | 154.00 | 171.00 | OK | |
| r-oldrel-macos-arm64 | 2.0.1 | 7.00 | 15.00 | 22.00 | OK | |
| r-oldrel-macos-x86_64 | 2.0.1 | 11.00 | 23.00 | 34.00 | OK | |
| r-oldrel-windows-x86_64 | 2.0.1 | 19.00 | 69.00 | 88.00 | OK |
Version: 2.0.1
Check: CRAN incoming feasibility
Result: NOTE
Maintainer: ‘Ningning Xu <ningningxu312@gmail.com>’
No Authors@R field in DESCRIPTION.
Please add one, modifying
Authors@R: person(given = "Ningning",
family = "Xu",
role = c("aut", "cre"),
email = "ningningxu312@gmail.com")
as necessary.
Flavors: r-devel-linux-x86_64-debian-clang, r-devel-linux-x86_64-debian-gcc