Last updated on 2025-10-21 00:49:56 CEST.
Flavor | Version | Tinstall | Tcheck | Ttotal | Status | Flags |
---|---|---|---|---|---|---|
r-devel-linux-x86_64-debian-clang | 2025.10.13 | 7.21 | 48.04 | 55.25 | OK | |
r-devel-linux-x86_64-debian-gcc | 2025.10.13 | 5.12 | 37.91 | 43.03 | NOTE | |
r-devel-linux-x86_64-fedora-clang | 2025.10.13 | 86.76 | OK | |||
r-devel-linux-x86_64-fedora-gcc | 2025.10.13 | 91.84 | OK | |||
r-devel-windows-x86_64 | 2025.10.13 | 9.00 | 71.00 | 80.00 | OK | |
r-patched-linux-x86_64 | 2025.10.13 | 6.92 | 45.51 | 52.43 | OK | |
r-release-linux-x86_64 | 2025.10.13 | 7.15 | 45.57 | 52.72 | OK | |
r-release-macos-arm64 | 2025.10.13 | 38.00 | OK | |||
r-release-macos-x86_64 | 2025.10.13 | 128.00 | OK | |||
r-release-windows-x86_64 | 2025.10.13 | 9.00 | 72.00 | 81.00 | OK | |
r-oldrel-macos-arm64 | 2025.10.13 | 188.00 | OK | |||
r-oldrel-macos-x86_64 | 2025.10.13 | 121.00 | OK | |||
r-oldrel-windows-x86_64 | 2025.10.13 | 13.00 | 80.00 | 93.00 | OK |
Version: 2025.10.13
Check: HTML version of manual
Result: NOTE
Found the following HTML validation problems:
keep_sundays_and_latest_date_internal.html:63:1 (keep_sundays_and_latest_date_internal.Rd:21): Warning: missing </ul> before </div>
now_c.html:46:1 (now_c.Rd:10): Warning: missing </ul> before </div>
Flavor: r-devel-linux-x86_64-debian-gcc