Last updated on 2025-11-11 00:50:01 CET.
| Flavor | Version | Tinstall | Tcheck | Ttotal | Status | Flags |
|---|---|---|---|---|---|---|
| r-devel-linux-x86_64-debian-clang | 0.1.1 | 3.02 | 340.93 | 343.95 | NOTE | |
| r-devel-linux-x86_64-debian-gcc | 0.1.1 | 2.06 | 200.64 | 202.70 | NOTE | |
| r-devel-linux-x86_64-fedora-clang | 0.1.1 | 546.28 | OK | |||
| r-devel-linux-x86_64-fedora-gcc | 0.1.1 | 542.75 | OK | |||
| r-devel-windows-x86_64 | 0.1.1 | 5.00 | 286.00 | 291.00 | OK | |
| r-patched-linux-x86_64 | 0.1.1 | 3.15 | 305.50 | 308.65 | OK | |
| r-release-linux-x86_64 | 0.1.1 | 2.26 | 311.08 | 313.34 | OK | |
| r-release-macos-arm64 | 0.1.1 | 2.00 | 135.00 | 137.00 | OK | |
| r-release-macos-x86_64 | 0.1.1 | 2.00 | 289.00 | 291.00 | OK | |
| r-release-windows-x86_64 | 0.1.1 | 5.00 | 278.00 | 283.00 | OK | |
| r-oldrel-macos-arm64 | 0.1.1 | 1.00 | 118.00 | 119.00 | OK | |
| r-oldrel-macos-x86_64 | 0.1.1 | 3.00 | 208.00 | 211.00 | OK | |
| r-oldrel-windows-x86_64 | 0.1.1 | 5.00 | 366.00 | 371.00 | OK |
Version: 0.1.1
Check: CRAN incoming feasibility
Result: NOTE
Maintainer: ‘Michael Klein <michael.klein@yale.edu>’
No Authors@R field in DESCRIPTION.
Please add one, modifying
Authors@R: person(given = "Michael",
family = "Klein",
role = c("aut", "cre"),
email = "michael.klein@yale.edu")
as necessary.
Flavors: r-devel-linux-x86_64-debian-clang, r-devel-linux-x86_64-debian-gcc