CRAN Package Check Results for Package credule

Last updated on 2025-11-12 01:48:55 CET.

Flavor Version Tinstall Tcheck Ttotal Status Flags
r-devel-linux-x86_64-debian-clang 0.1.4 2.31 21.07 23.38 OK
r-devel-linux-x86_64-debian-gcc 0.1.4 2.09 17.13 19.22 OK
r-devel-linux-x86_64-fedora-clang 0.1.4 33.79 NOTE
r-devel-linux-x86_64-fedora-gcc 0.1.4 49.87 NOTE
r-devel-windows-x86_64 0.1.4 6.00 41.00 47.00 OK
r-patched-linux-x86_64 0.1.4 2.50 19.87 22.37 OK
r-release-linux-x86_64 0.1.4 2.42 19.93 22.35 OK
r-release-macos-arm64 0.1.4 3.00 21.00 24.00 OK
r-release-macos-x86_64 0.1.4 4.00 40.00 44.00 OK
r-release-windows-x86_64 0.1.4 8.00 41.00 49.00 OK
r-oldrel-macos-arm64 0.1.4 2.00 19.00 21.00 OK
r-oldrel-macos-x86_64 0.1.4 3.00 32.00 35.00 OK
r-oldrel-windows-x86_64 0.1.4 6.00 46.00 52.00 OK

Check Details

Version: 0.1.4
Check: compiled code
Result: NOTE File ‘credule/libs/credule.so’: Found no calls to: ‘R_registerRoutines’, ‘R_useDynamicSymbols’ It is good practice to register native routines and to disable symbol search. See ‘Writing portable packages’ in the ‘Writing R Extensions’ manual. Flavors: r-devel-linux-x86_64-fedora-clang, r-devel-linux-x86_64-fedora-gcc