CRAN Package Check Results for Package cranlike

Last updated on 2025-11-12 01:48:55 CET.

Flavor Version Tinstall Tcheck Ttotal Status Flags
r-devel-linux-x86_64-debian-clang 1.0.3 3.94 42.59 46.53 NOTE
r-devel-linux-x86_64-debian-gcc 1.0.3 3.09 32.81 35.90 NOTE
r-devel-linux-x86_64-fedora-clang 1.0.3 18.00 53.37 71.37 OK
r-devel-linux-x86_64-fedora-gcc 1.0.3 64.39 OK
r-devel-windows-x86_64 1.0.3 6.00 58.00 64.00 OK
r-patched-linux-x86_64 1.0.3 4.56 39.89 44.45 OK
r-release-linux-x86_64 1.0.3 4.44 39.95 44.39 OK
r-release-macos-arm64 1.0.3 2.00 26.00 28.00 OK
r-release-macos-x86_64 1.0.3 4.00 43.00 47.00 OK
r-release-windows-x86_64 1.0.3 6.00 57.00 63.00 OK
r-oldrel-macos-arm64 1.0.3 2.00 22.00 24.00 OK
r-oldrel-macos-x86_64 1.0.3 3.00 31.00 34.00 OK
r-oldrel-windows-x86_64 1.0.3 7.00 70.00 77.00 OK

Check Details

Version: 1.0.3
Check: CRAN incoming feasibility
Result: NOTE Maintainer: ‘Gábor Csárdi <csardi.gabor@gmail.com>’ No Authors@R field in DESCRIPTION. Please add one, modifying Authors@R: person(given = "Gábor", family = "Csárdi", role = c("aut", "cre"), email = "csardi.gabor@gmail.com") as necessary. Flavors: r-devel-linux-x86_64-debian-clang, r-devel-linux-x86_64-debian-gcc