Last updated on 2025-11-12 01:48:55 CET.
| Flavor | Version | Tinstall | Tcheck | Ttotal | Status | Flags |
|---|---|---|---|---|---|---|
| r-devel-linux-x86_64-debian-clang | 0.1.1 | 26.03 | 683.94 | 709.97 | OK | |
| r-devel-linux-x86_64-debian-gcc | 0.1.1 | 17.64 | 563.60 | 581.24 | OK | |
| r-devel-linux-x86_64-fedora-clang | 0.1.1 | 68.00 | 1004.77 | 1072.77 | OK | |
| r-devel-linux-x86_64-fedora-gcc | 0.1.1 | 56.00 | 1039.43 | 1095.43 | OK | |
| r-devel-windows-x86_64 | 0.1.1 | 28.00 | 497.00 | 525.00 | OK | |
| r-patched-linux-x86_64 | 0.1.1 | 26.75 | 700.61 | 727.36 | OK | |
| r-release-linux-x86_64 | 0.1.1 | 21.78 | 705.88 | 727.66 | OK | |
| r-release-macos-arm64 | 0.1.1 | 10.00 | 202.00 | 212.00 | OK | |
| r-release-macos-x86_64 | 0.1.1 | 21.00 | 428.00 | 449.00 | OK | |
| r-release-windows-x86_64 | 0.1.1 | 26.00 | 494.00 | 520.00 | OK | |
| r-oldrel-macos-arm64 | 0.1.1 | 11.00 | 203.00 | 214.00 | NOTE | |
| r-oldrel-macos-x86_64 | 0.1.1 | 22.00 | 450.00 | 472.00 | NOTE | |
| r-oldrel-windows-x86_64 | 0.1.1 | 38.00 | 658.00 | 696.00 | NOTE |
Version: 0.1.1
Check: installed package size
Result: NOTE
installed size is 5.2Mb
sub-directories of 1Mb or more:
doc 2.2Mb
help 2.4Mb
Flavors: r-oldrel-macos-arm64, r-oldrel-macos-x86_64, r-oldrel-windows-x86_64