Last updated on 2025-11-12 01:48:55 CET.
| Flavor | Version | Tinstall | Tcheck | Ttotal | Status | Flags |
|---|---|---|---|---|---|---|
| r-devel-linux-x86_64-debian-clang | 0.4.4 | 23.45 | 31.01 | 54.46 | OK | |
| r-devel-linux-x86_64-debian-gcc | 0.4.4 | 21.62 | 26.75 | 48.37 | OK | |
| r-devel-linux-x86_64-fedora-clang | 0.4.4 | 47.00 | 30.88 | 77.88 | OK | |
| r-devel-linux-x86_64-fedora-gcc | 0.4.4 | 67.00 | 22.61 | 89.61 | OK | |
| r-devel-windows-x86_64 | 0.4.4 | 37.00 | 55.00 | 92.00 | OK | |
| r-patched-linux-x86_64 | 0.4.4 | 29.15 | 30.85 | 60.00 | OK | |
| r-release-linux-x86_64 | 0.4.4 | 30.16 | 30.69 | 60.85 | OK | |
| r-release-macos-arm64 | 0.4.4 | 16.00 | 20.00 | 36.00 | OK | |
| r-release-macos-x86_64 | 0.4.4 | 26.00 | 29.00 | 55.00 | OK | |
| r-release-windows-x86_64 | 0.4.4 | 36.00 | 53.00 | 89.00 | OK | |
| r-oldrel-macos-arm64 | 0.4.4 | 12.00 | 16.00 | 28.00 | NOTE | |
| r-oldrel-macos-x86_64 | 0.4.4 | 19.00 | 25.00 | 44.00 | NOTE | |
| r-oldrel-windows-x86_64 | 0.4.4 | 43.00 | 59.00 | 102.00 | NOTE |
Version: 0.4.4
Check: installed package size
Result: NOTE
installed size is 13.5Mb
sub-directories of 1Mb or more:
libs 13.0Mb
Flavors: r-oldrel-macos-arm64, r-oldrel-macos-x86_64
Version: 0.4.4
Check: LazyData
Result: NOTE
'LazyData' is specified without a 'data' directory
Flavors: r-oldrel-macos-arm64, r-oldrel-macos-x86_64, r-oldrel-windows-x86_64