CRAN Package Check Results for Package controlfunctionIV

Last updated on 2025-11-12 01:48:55 CET.

Flavor Version Tinstall Tcheck Ttotal Status Flags
r-devel-linux-x86_64-debian-clang 0.1.1 9.56 85.72 95.28 NOTE
r-devel-linux-x86_64-debian-gcc 0.1.1 9.21 71.77 80.98 NOTE
r-devel-linux-x86_64-fedora-clang 0.1.1 27.00 113.26 140.26 OK
r-devel-linux-x86_64-fedora-gcc 0.1.1 27.00 111.06 138.06 OK
r-devel-windows-x86_64 0.1.1 13.00 81.00 94.00 OK
r-patched-linux-x86_64 0.1.1 11.97 82.01 93.98 OK
r-release-linux-x86_64 0.1.1 11.71 82.88 94.59 OK
r-release-macos-arm64 0.1.1 10.00 61.00 71.00 OK
r-release-macos-x86_64 0.1.1 11.00 75.00 86.00 OK
r-release-windows-x86_64 0.1.1 12.00 81.00 93.00 OK
r-oldrel-macos-arm64 0.1.1 9.00 60.00 69.00 OK
r-oldrel-macos-x86_64 0.1.1 9.00 61.00 70.00 OK
r-oldrel-windows-x86_64 0.1.1 17.00 97.00 114.00 OK

Check Details

Version: 0.1.1
Check: CRAN incoming feasibility
Result: NOTE Maintainer: ‘Zijian Guo <zijguo@stat.rutgers.edu>’ The Description field contains when the model is known ('Guo and Small' (2016) <arXiv:1602.01051>) and <arXiv:2010.09922>). Please refer to arXiv e-prints via their arXiv DOI <doi:10.48550/arXiv.YYMM.NNNNN>. Flavors: r-devel-linux-x86_64-debian-clang, r-devel-linux-x86_64-debian-gcc