Last updated on 2025-11-12 01:48:54 CET.
| Flavor | Version | Tinstall | Tcheck | Ttotal | Status | Flags |
|---|---|---|---|---|---|---|
| r-devel-linux-x86_64-debian-clang | 0.6.10 | 1.81 | 23.79 | 25.60 | OK | |
| r-devel-linux-x86_64-debian-gcc | 0.6.10 | 1.39 | 19.38 | 20.77 | OK | |
| r-devel-linux-x86_64-fedora-clang | 0.6.10 | 38.07 | OK | |||
| r-devel-linux-x86_64-fedora-gcc | 0.6.10 | 50.42 | OK | |||
| r-devel-windows-x86_64 | 0.6.10 | 4.00 | 42.00 | 46.00 | OK | |
| r-patched-linux-x86_64 | 0.6.10 | 1.84 | 22.70 | 24.54 | OK | |
| r-release-linux-x86_64 | 0.6.10 | 1.80 | 22.54 | 24.34 | OK | |
| r-release-macos-arm64 | 0.6.10 | 1.00 | 22.00 | 23.00 | OK | |
| r-release-macos-x86_64 | 0.6.10 | 2.00 | 38.00 | 40.00 | OK | |
| r-release-windows-x86_64 | 0.6.10 | 2.00 | 43.00 | 45.00 | OK | |
| r-oldrel-macos-arm64 | 0.6.10 | 1.00 | 26.00 | 27.00 | NOTE | |
| r-oldrel-macos-x86_64 | 0.6.10 | 1.00 | 32.00 | 33.00 | NOTE | |
| r-oldrel-windows-x86_64 | 0.6.10 | 3.00 | 48.00 | 51.00 | NOTE |
Version: 0.6.10
Check: LazyData
Result: NOTE
'LazyData' is specified without a 'data' directory
Flavors: r-oldrel-macos-arm64, r-oldrel-macos-x86_64, r-oldrel-windows-x86_64