Last updated on 2025-10-21 00:49:56 CEST.
Flavor | Version | Tinstall | Tcheck | Ttotal | Status | Flags |
---|---|---|---|---|---|---|
r-devel-linux-x86_64-debian-clang | 0.4.3 | 7.76 | 80.76 | 88.52 | OK | |
r-devel-linux-x86_64-debian-gcc | 0.4.3 | 5.72 | 57.62 | 63.34 | NOTE | |
r-devel-linux-x86_64-fedora-clang | 0.4.3 | 101.23 | OK | |||
r-devel-linux-x86_64-fedora-gcc | 0.4.3 | 142.15 | OK | |||
r-devel-windows-x86_64 | 0.4.3 | 10.00 | 88.00 | 98.00 | OK | |
r-patched-linux-x86_64 | 0.4.3 | 7.95 | 72.86 | 80.81 | OK | |
r-release-linux-x86_64 | 0.4.3 | 7.99 | 75.31 | 83.30 | OK | |
r-release-macos-arm64 | 0.4.3 | 109.00 | OK | |||
r-release-macos-x86_64 | 0.4.3 | 202.00 | OK | |||
r-release-windows-x86_64 | 0.4.3 | 11.00 | 91.00 | 102.00 | OK | |
r-oldrel-macos-arm64 | 0.4.3 | 95.00 | OK | |||
r-oldrel-macos-x86_64 | 0.4.3 | 233.00 | OK | |||
r-oldrel-windows-x86_64 | 0.4.3 | 14.00 | 109.00 | 123.00 | OK |
Version: 0.4.3
Check: HTML version of manual
Result: NOTE
Found the following HTML validation problems:
ages.undated.html:54:1 (ages.undated.Rd:14): Warning: missing </ul> before </div>
Flavor: r-devel-linux-x86_64-debian-gcc