Last updated on 2025-11-11 00:50:00 CET.
| Flavor | Version | Tinstall | Tcheck | Ttotal | Status | Flags |
|---|---|---|---|---|---|---|
| r-devel-linux-x86_64-debian-clang | 0.0.4 | 8.59 | 73.40 | 81.99 | NOTE | |
| r-devel-linux-x86_64-debian-gcc | 0.0.4 | 6.37 | 55.34 | 61.71 | NOTE | |
| r-devel-linux-x86_64-fedora-clang | 0.0.4 | 16.00 | 109.40 | 125.40 | OK | |
| r-devel-linux-x86_64-fedora-gcc | 0.0.4 | 17.00 | 118.31 | 135.31 | OK | |
| r-devel-windows-x86_64 | 0.0.4 | 11.00 | 142.00 | 153.00 | OK | |
| r-patched-linux-x86_64 | 0.0.4 | 7.30 | 69.31 | 76.61 | OK | |
| r-release-linux-x86_64 | 0.0.4 | 7.24 | 68.99 | 76.23 | OK | |
| r-release-macos-arm64 | 0.0.4 | 4.00 | 45.00 | 49.00 | OK | |
| r-release-macos-x86_64 | 0.0.4 | 8.00 | 75.00 | 83.00 | OK | |
| r-release-windows-x86_64 | 0.0.4 | 12.00 | 156.00 | 168.00 | OK | |
| r-oldrel-macos-arm64 | 0.0.4 | 4.00 | 40.00 | 44.00 | OK | |
| r-oldrel-macos-x86_64 | 0.0.4 | 6.00 | 60.00 | 66.00 | OK | |
| r-oldrel-windows-x86_64 | 0.0.4 | 15.00 | 121.00 | 136.00 | OK |
Version: 0.0.4
Check: CRAN incoming feasibility
Result: NOTE
Maintainer: ‘Elliott Gordon-Rodriguez <eg2912@columbia.edu>’
Package CITATION file contains call(s) to old-style personList() or
as.personList(). Please use c() on person objects instead.
Package CITATION file contains call(s) to old-style citEntry(). Please
use bibentry() instead.
Flavors: r-devel-linux-x86_64-debian-clang, r-devel-linux-x86_64-debian-gcc