CRAN Package Check Results for Package cobiclust

Last updated on 2025-10-21 00:49:56 CEST.

Flavor Version Tinstall Tcheck Ttotal Status Flags
r-devel-linux-x86_64-debian-clang 0.1.2 2.31 31.38 33.69 OK
r-devel-linux-x86_64-debian-gcc 0.1.2 1.79 25.18 26.97 NOTE
r-devel-linux-x86_64-fedora-clang 0.1.2 36.37 OK
r-devel-linux-x86_64-fedora-gcc 0.1.2 53.23 OK
r-devel-windows-x86_64 0.1.2 4.00 46.00 50.00 OK
r-patched-linux-x86_64 0.1.2 2.54 28.50 31.04 OK
r-release-linux-x86_64 0.1.2 2.32 28.80 31.12 OK
r-release-macos-arm64 0.1.2 26.00 OK
r-release-macos-x86_64 0.1.2 37.00 OK
r-release-windows-x86_64 0.1.2 4.00 51.00 55.00 OK
r-oldrel-macos-arm64 0.1.2 21.00 OK
r-oldrel-macos-x86_64 0.1.2 27.00 OK
r-oldrel-windows-x86_64 0.1.2 6.00 56.00 62.00 OK

Check Details

Version: 0.1.2
Check: HTML version of manual
Result: NOTE Found the following HTML validation problems: is.cobiclustering.html:46:1 (is.cobiclustering.Rd:10): Warning: missing </ul> before </div> summary.cobiclustering.html:51:1 (summary.cobiclustering.Rd:12): Warning: missing </ul> before </div> Flavor: r-devel-linux-x86_64-debian-gcc