Last updated on 2025-11-12 01:48:54 CET.
| Flavor | Version | Tinstall | Tcheck | Ttotal | Status | Flags |
|---|---|---|---|---|---|---|
| r-devel-linux-x86_64-debian-clang | 4.0.3 | 61.90 | 165.34 | 227.24 | NOTE | |
| r-devel-linux-x86_64-debian-gcc | 4.0.3 | 46.15 | 108.62 | 154.77 | NOTE | |
| r-devel-linux-x86_64-fedora-clang | 4.0.3 | 130.00 | 251.64 | 381.64 | NOTE | |
| r-devel-linux-x86_64-fedora-gcc | 4.0.3 | 171.00 | 224.51 | 395.51 | NOTE | |
| r-devel-windows-x86_64 | 4.0.3 | 82.00 | 197.00 | 279.00 | NOTE | |
| r-patched-linux-x86_64 | 4.0.3 | 71.32 | 159.43 | 230.75 | OK | |
| r-release-linux-x86_64 | 4.0.3 | 71.50 | 155.48 | 226.98 | OK | |
| r-release-macos-arm64 | 4.0.3 | 25.00 | 60.00 | 85.00 | OK | |
| r-release-macos-x86_64 | 4.0.3 | 29.00 | 118.00 | 147.00 | OK | |
| r-release-windows-x86_64 | 4.0.3 | 80.00 | 193.00 | 273.00 | OK | |
| r-oldrel-macos-arm64 | 4.0.3 | 23.00 | 80.00 | 103.00 | NOTE | |
| r-oldrel-macos-x86_64 | 4.0.3 | 31.00 | 123.00 | 154.00 | NOTE | |
| r-oldrel-windows-x86_64 | 4.0.3 | 101.00 | 240.00 | 341.00 | OK |
Version: 4.0.3
Check: Rd files
Result: NOTE
checkRd: (-1) d.autonomy.Rd:18-28: Only 4 columns allowed in this table (row 1 has 3)
checkRd: (-1) d.autonomy.Rd:18-28: Only 4 columns allowed in this table (row 2 has 3)
checkRd: (-1) d.autonomy.Rd:18-28: Only 4 columns allowed in this table (row 3 has 3)
checkRd: (-1) d.autonomy.Rd:18-28: Only 4 columns allowed in this table (row 4 has 3)
checkRd: (-1) d.autonomy.Rd:18-28: Only 4 columns allowed in this table (row 5 has 3)
checkRd: (-1) d.autonomy.Rd:18-28: Only 4 columns allowed in this table (row 6 has 3)
checkRd: (-1) d.autonomy.Rd:18-28: Only 4 columns allowed in this table (row 7 has 3)
checkRd: (-1) d.autonomy.Rd:18-28: Only 4 columns allowed in this table (row 8 has 3)
checkRd: (-1) d.autonomy.Rd:18-28: Only 4 columns allowed in this table (row 9 has 3)
checkRd: (-1) d.jobsecurity.Rd:19-27: Only 6 columns allowed in this table (row 1 has 4)
checkRd: (-1) d.jobsecurity.Rd:19-27: Only 6 columns allowed in this table (row 2 has 4)
checkRd: (-1) d.jobsecurity.Rd:19-27: Only 6 columns allowed in this table (row 3 has 4)
checkRd: (-1) d.jobsecurity.Rd:19-27: Only 6 columns allowed in this table (row 4 has 4)
checkRd: (-1) d.jobsecurity.Rd:19-27: Only 6 columns allowed in this table (row 5 has 4)
checkRd: (-1) d.jobsecurity.Rd:19-27: Only 6 columns allowed in this table (row 6 has 4)
checkRd: (-1) d.jobsecurity.Rd:19-27: Only 6 columns allowed in this table (row 7 has 4)
checkRd: (-1) d.pban.Rd:19-25: Only 4 columns allowed in this table (row 1 has 3)
checkRd: (-1) d.pban.Rd:19-25: Only 4 columns allowed in this table (row 2 has 3)
checkRd: (-1) d.pban.Rd:19-25: Only 4 columns allowed in this table (row 3 has 3)
checkRd: (-1) d.pban.Rd:19-25: Only 4 columns allowed in this table (row 4 has 3)
checkRd: (-1) d.pban.Rd:19-25: Only 4 columns allowed in this table (row 5 has 3)
Flavors: r-devel-linux-x86_64-debian-clang, r-devel-linux-x86_64-debian-gcc, r-devel-linux-x86_64-fedora-clang, r-devel-linux-x86_64-fedora-gcc, r-devel-windows-x86_64
Version: 4.0.3
Check: installed package size
Result: NOTE
installed size is 6.0Mb
sub-directories of 1Mb or more:
libs 4.6Mb
Flavors: r-oldrel-macos-arm64, r-oldrel-macos-x86_64