Last updated on 2025-11-12 01:48:54 CET.
| Flavor | Version | Tinstall | Tcheck | Ttotal | Status | Flags |
|---|---|---|---|---|---|---|
| r-devel-linux-x86_64-debian-clang | 1.0-12 | 1.92 | 24.66 | 26.58 | NOTE | |
| r-devel-linux-x86_64-debian-gcc | 1.0-12 | 1.43 | 19.22 | 20.65 | NOTE | |
| r-devel-linux-x86_64-fedora-clang | 1.0-12 | 39.58 | OK | |||
| r-devel-linux-x86_64-fedora-gcc | 1.0-12 | 37.82 | OK | |||
| r-devel-windows-x86_64 | 1.0-12 | 2.00 | 48.00 | 50.00 | OK | |
| r-patched-linux-x86_64 | 1.0-12 | 2.15 | 23.52 | 25.67 | OK | |
| r-release-linux-x86_64 | 1.0-12 | 1.98 | 23.56 | 25.54 | OK | |
| r-release-macos-arm64 | 1.0-12 | 1.00 | 17.00 | 18.00 | OK | |
| r-release-macos-x86_64 | 1.0-12 | 2.00 | 33.00 | 35.00 | OK | |
| r-release-windows-x86_64 | 1.0-12 | 3.00 | 47.00 | 50.00 | OK | |
| r-oldrel-macos-arm64 | 1.0-12 | 1.00 | 19.00 | 20.00 | OK | |
| r-oldrel-macos-x86_64 | 1.0-12 | 2.00 | 21.00 | 23.00 | OK | |
| r-oldrel-windows-x86_64 | 1.0-12 | 3.00 | 51.00 | 54.00 | OK |
Version: 1.0-12
Check: CRAN incoming feasibility
Result: NOTE
Maintainer: ‘Olaf Mersmann <olafm@statistik.tu-dortmund.de>’
No Authors@R field in DESCRIPTION.
Please add one, modifying
Authors@R: c(person(given = "Heike",
family = "Trautmann",
role = "aut",
email = "trautmann@statistik.tu-dortmund.de"),
person(given = "Olaf",
family = "Mersmann",
role = c("aut", "cre"),
email = "olafm@statistik.tu-dortmund.de"),
person(given = "David",
family = "Arnu",
role = "aut",
email = "david.arnu@statistik.tu-dortmund.de"))
as necessary.
Flavors: r-devel-linux-x86_64-debian-clang, r-devel-linux-x86_64-debian-gcc