Last updated on 2025-10-21 00:49:55 CEST.
Flavor | Version | Tinstall | Tcheck | Ttotal | Status | Flags |
---|---|---|---|---|---|---|
r-devel-linux-x86_64-debian-clang | 0.4.0 | 2.42 | 36.62 | 39.04 | OK | |
r-devel-linux-x86_64-debian-gcc | 0.4.0 | 1.92 | 26.94 | 28.86 | NOTE | |
r-devel-linux-x86_64-fedora-clang | 0.4.0 | 57.09 | OK | |||
r-devel-linux-x86_64-fedora-gcc | 0.4.0 | 56.07 | OK | |||
r-devel-windows-x86_64 | 0.4.0 | 4.00 | 52.00 | 56.00 | OK | |
r-patched-linux-x86_64 | 0.4.0 | 2.65 | 33.67 | 36.32 | OK | |
r-release-linux-x86_64 | 0.4.0 | 2.94 | 33.50 | 36.44 | OK | |
r-release-macos-arm64 | 0.4.0 | 22.00 | OK | |||
r-release-macos-x86_64 | 0.4.0 | 69.00 | OK | |||
r-release-windows-x86_64 | 0.4.0 | 4.00 | 54.00 | 58.00 | OK | |
r-oldrel-macos-arm64 | 0.4.0 | 33.00 | OK | |||
r-oldrel-macos-x86_64 | 0.4.0 | 43.00 | OK | |||
r-oldrel-windows-x86_64 | 0.4.0 | 6.00 | 63.00 | 69.00 | OK |
Version: 0.4.0
Check: HTML version of manual
Result: NOTE
Found the following HTML validation problems:
zerosumConstr.html:50:1 (zerosumConstr.Rd:12): Warning: missing </ul> before </div>
Flavor: r-devel-linux-x86_64-debian-gcc