CRAN Package Check Results for Package choroplethrAdmin1

Last updated on 2025-11-13 01:50:16 CET.

Flavor Version Tinstall Tcheck Ttotal Status Flags
r-devel-linux-x86_64-debian-clang 1.1.1 5.38 61.30 66.68 NOTE
r-devel-linux-x86_64-debian-gcc 1.1.1 3.79 44.74 48.53 NOTE
r-devel-linux-x86_64-fedora-clang 1.1.1 10.00 85.06 95.06 OK
r-devel-linux-x86_64-fedora-gcc 1.1.1 11.00 81.41 92.41 OK
r-devel-windows-x86_64 1.1.1 8.00 74.00 82.00 OK
r-patched-linux-x86_64 1.1.1 4.94 58.10 63.04 OK
r-release-linux-x86_64 1.1.1 4.77 58.41 63.18 OK
r-release-macos-arm64 1.1.1 3.00 29.00 32.00 OK
r-release-macos-x86_64 1.1.1 4.00 42.00 46.00 OK
r-release-windows-x86_64 1.1.1 7.00 71.00 78.00 OK
r-oldrel-macos-arm64 1.1.1 2.00 25.00 27.00 NOTE
r-oldrel-macos-x86_64 1.1.1 3.00 37.00 40.00 NOTE
r-oldrel-windows-x86_64 1.1.1 11.00 86.00 97.00 NOTE

Check Details

Version: 1.1.1
Check: CRAN incoming feasibility
Result: NOTE Maintainer: ‘Ari Lamstein <ari@lamsteinconsulting.com>’ No Authors@R field in DESCRIPTION. Please add one, modifying Authors@R: person(given = "Ari", family = "Lamstein", role = c("aut", "cre"), email = "ari@lamsteinconsulting.com") as necessary. Flavors: r-devel-linux-x86_64-debian-clang, r-devel-linux-x86_64-debian-gcc

Version: 1.1.1
Check: installed package size
Result: NOTE installed size is 18.0Mb sub-directories of 1Mb or more: data 17.9Mb Flavors: r-oldrel-macos-arm64, r-oldrel-macos-x86_64, r-oldrel-windows-x86_64