Last updated on 2025-11-02 23:49:32 CET.
| Flavor | Version | Tinstall | Tcheck | Ttotal | Status | Flags |
|---|---|---|---|---|---|---|
| r-devel-linux-x86_64-debian-clang | 1.1 | 19.48 | 30.40 | 49.88 | NOTE | |
| r-devel-linux-x86_64-debian-gcc | 1.1 | 10.49 | 24.02 | 34.51 | NOTE | |
| r-devel-linux-x86_64-fedora-clang | 1.1 | 50.00 | 37.03 | 87.03 | OK | |
| r-devel-linux-x86_64-fedora-gcc | 1.1 | 41.00 | 31.05 | 72.05 | OK | |
| r-devel-windows-x86_64 | 1.1 | 23.00 | 65.00 | 88.00 | OK | |
| r-patched-linux-x86_64 | 1.1 | 16.15 | 28.30 | 44.45 | OK | |
| r-release-linux-x86_64 | 1.1 | 18.30 | 28.27 | 46.57 | OK | |
| r-release-macos-arm64 | 1.1 | 8.00 | 17.00 | 25.00 | OK | |
| r-release-macos-x86_64 | 1.1 | 14.00 | 29.00 | 43.00 | OK | |
| r-release-windows-x86_64 | 1.1 | 22.00 | 61.00 | 83.00 | OK | |
| r-oldrel-macos-arm64 | 1.1 | 8.00 | 26.00 | 34.00 | OK | |
| r-oldrel-macos-x86_64 | 1.1 | 11.00 | 25.00 | 36.00 | OK | |
| r-oldrel-windows-x86_64 | 1.1 | 29.00 | 75.00 | 104.00 | OK |
Version: 1.1
Check: CRAN incoming feasibility
Result: NOTE
Maintainer: ‘Arvid Sjolander <arvid.sjolander@ki.se>’
No Authors@R field in DESCRIPTION.
Please add one, modifying
Authors@R: person(given = "Arvid",
family = "Sjolander",
role = c("aut", "cre"),
email = "arvid.sjolander@ki.se")
as necessary.
Flavors: r-devel-linux-x86_64-debian-clang, r-devel-linux-x86_64-debian-gcc