CRAN Package Check Results for Package cetcolor

Last updated on 2025-11-12 01:48:54 CET.

Flavor Version Tinstall Tcheck Ttotal Status Flags
r-devel-linux-x86_64-debian-clang 0.2.0 1.69 27.29 28.98 NOTE
r-devel-linux-x86_64-debian-gcc 0.2.0 1.43 22.82 24.25 NOTE
r-devel-linux-x86_64-fedora-clang 0.2.0 47.47 OK
r-devel-linux-x86_64-fedora-gcc 0.2.0 54.33 OK
r-devel-windows-x86_64 0.2.0 3.00 44.00 47.00 OK
r-patched-linux-x86_64 0.2.0 1.63 24.98 26.61 OK
r-release-linux-x86_64 0.2.0 1.73 25.12 26.85 OK
r-release-macos-arm64 0.2.0 1.00 23.00 24.00 OK
r-release-macos-x86_64 0.2.0 2.00 55.00 57.00 OK
r-release-windows-x86_64 0.2.0 5.00 47.00 52.00 OK
r-oldrel-macos-arm64 0.2.0 1.00 27.00 28.00 OK
r-oldrel-macos-x86_64 0.2.0 2.00 38.00 40.00 OK
r-oldrel-windows-x86_64 0.2.0 4.00 49.00 53.00 OK

Check Details

Version: 0.2.0
Check: CRAN incoming feasibility
Result: NOTE Maintainer: ‘James Balamuta <balamut2@illinois.edu>’ Found the following (possibly) invalid file URI: URI: RColorBrewer From: README.md The Description field contains (2015) "Good Colour Maps: How to Design Them" <arXiv:1509.03700> at the Please refer to arXiv e-prints via their arXiv DOI <doi:10.48550/arXiv.YYMM.NNNNN>. Flavors: r-devel-linux-x86_64-debian-clang, r-devel-linux-x86_64-debian-gcc