Last updated on 2025-11-12 01:48:54 CET.
| Flavor | Version | Tinstall | Tcheck | Ttotal | Status | Flags |
|---|---|---|---|---|---|---|
| r-devel-linux-x86_64-debian-clang | 1.0.0 | 2.71 | 30.77 | 33.48 | NOTE | |
| r-devel-linux-x86_64-debian-gcc | 1.0.0 | 2.06 | 24.53 | 26.59 | NOTE | |
| r-devel-linux-x86_64-fedora-clang | 1.0.0 | 57.43 | NOTE | |||
| r-devel-linux-x86_64-fedora-gcc | 1.0.0 | 62.74 | NOTE | |||
| r-devel-windows-x86_64 | 1.0.0 | 5.00 | 48.00 | 53.00 | OK | |
| r-patched-linux-x86_64 | 1.0.0 | 2.46 | 29.28 | 31.74 | OK | |
| r-release-linux-x86_64 | 1.0.0 | 2.47 | 29.87 | 32.34 | OK | |
| r-release-macos-arm64 | 1.0.0 | 2.00 | 37.00 | 39.00 | OK | |
| r-release-macos-x86_64 | 1.0.0 | 2.00 | 44.00 | 46.00 | OK | |
| r-release-windows-x86_64 | 1.0.0 | 5.00 | 48.00 | 53.00 | OK | |
| r-oldrel-macos-arm64 | 1.0.0 | 1.00 | 26.00 | 27.00 | OK | |
| r-oldrel-macos-x86_64 | 1.0.0 | 2.00 | 38.00 | 40.00 | OK | |
| r-oldrel-windows-x86_64 | 1.0.0 | 5.00 | 56.00 | 61.00 | OK |
Version: 1.0.0
Check: CRAN incoming feasibility
Result: NOTE
Maintainer: ‘Diogo Ferrari <diogoferrari@gmail.com>’
Package CITATION file contains call(s) to old-style personList() or
as.personList(). Please use c() on person objects instead.
Package CITATION file contains call(s) to old-style citEntry(). Please
use bibentry() instead.
Flavors: r-devel-linux-x86_64-debian-clang, r-devel-linux-x86_64-debian-gcc
Version: 1.0.0
Check: dependencies in R code
Result: NOTE
Namespace in Imports field not imported from: ‘lmtest’
All declared Imports should be used.
Flavors: r-devel-linux-x86_64-fedora-clang, r-devel-linux-x86_64-fedora-gcc