Last updated on 2025-11-12 01:48:54 CET.
| Flavor | Version | Tinstall | Tcheck | Ttotal | Status | Flags |
|---|---|---|---|---|---|---|
| r-devel-linux-x86_64-debian-clang | 0.0.4 | 4.29 | 41.37 | 45.66 | NOTE | |
| r-devel-linux-x86_64-debian-gcc | 0.0.4 | 2.79 | 30.60 | 33.39 | NOTE | |
| r-devel-linux-x86_64-fedora-clang | 0.0.4 | 66.12 | NOTE | |||
| r-devel-linux-x86_64-fedora-gcc | 0.0.4 | 77.34 | NOTE | |||
| r-devel-windows-x86_64 | 0.0.4 | 7.00 | 56.00 | 63.00 | NOTE | |
| r-patched-linux-x86_64 | 0.0.4 | 4.14 | 38.22 | 42.36 | NOTE | |
| r-release-linux-x86_64 | 0.0.4 | 3.41 | 38.06 | 41.47 | NOTE | |
| r-release-macos-arm64 | 0.0.4 | 2.00 | 30.00 | 32.00 | NOTE | |
| r-release-macos-x86_64 | 0.0.4 | 3.00 | 47.00 | 50.00 | NOTE | |
| r-release-windows-x86_64 | 0.0.4 | 7.00 | 53.00 | 60.00 | NOTE | |
| r-oldrel-macos-arm64 | 0.0.4 | 2.00 | 28.00 | 30.00 | NOTE | |
| r-oldrel-macos-x86_64 | 0.0.4 | 3.00 | 43.00 | 46.00 | NOTE | |
| r-oldrel-windows-x86_64 | 0.0.4 | 7.00 | 64.00 | 71.00 | NOTE |
Version: 0.0.4
Check: Rd files
Result: NOTE
checkRd: (-1) call_api_once.Rd:36: Lost braces
36 | A code{data.frame} with the requested variables at the requested
| ^
Flavors: r-devel-linux-x86_64-debian-clang, r-devel-linux-x86_64-debian-gcc, r-devel-linux-x86_64-fedora-clang, r-devel-linux-x86_64-fedora-gcc, r-devel-windows-x86_64, r-patched-linux-x86_64, r-release-linux-x86_64, r-release-macos-arm64, r-release-macos-x86_64, r-release-windows-x86_64, r-oldrel-macos-arm64, r-oldrel-macos-x86_64, r-oldrel-windows-x86_64
Version: 0.0.4
Check: LazyData
Result: NOTE
'LazyData' is specified without a 'data' directory
Flavors: r-oldrel-macos-arm64, r-oldrel-macos-x86_64, r-oldrel-windows-x86_64