Last updated on 2025-11-12 01:48:54 CET.
| Flavor | Version | Tinstall | Tcheck | Ttotal | Status | Flags |
|---|---|---|---|---|---|---|
| r-devel-linux-x86_64-debian-clang | 1.0.0 | 4.14 | 45.10 | 49.24 | OK | |
| r-devel-linux-x86_64-debian-gcc | 1.0.0 | 3.06 | 34.52 | 37.58 | OK | |
| r-devel-linux-x86_64-fedora-clang | 1.0.0 | 10.00 | 72.00 | 82.00 | NOTE | |
| r-devel-linux-x86_64-fedora-gcc | 1.0.0 | 87.56 | NOTE | |||
| r-devel-windows-x86_64 | 1.0.0 | 6.00 | 75.00 | 81.00 | OK | |
| r-patched-linux-x86_64 | 1.0.0 | 3.86 | 42.31 | 46.17 | OK | |
| r-release-linux-x86_64 | 1.0.0 | 3.81 | 42.54 | 46.35 | OK | |
| r-release-macos-arm64 | 1.0.0 | 2.00 | 32.00 | 34.00 | OK | |
| r-release-macos-x86_64 | 1.0.0 | 4.00 | 50.00 | 54.00 | OK | |
| r-release-windows-x86_64 | 1.0.0 | 6.00 | 70.00 | 76.00 | OK | |
| r-oldrel-macos-arm64 | 1.0.0 | 2.00 | 29.00 | 31.00 | OK | |
| r-oldrel-macos-x86_64 | 1.0.0 | 3.00 | 45.00 | 48.00 | OK | |
| r-oldrel-windows-x86_64 | 1.0.0 | 7.00 | 80.00 | 87.00 | OK |
Version: 1.0.0
Check: dependencies in R code
Result: NOTE
Namespaces in Imports field not imported from:
‘base’ ‘stats’ ‘tidyr’
All declared Imports should be used.
Flavors: r-devel-linux-x86_64-fedora-clang, r-devel-linux-x86_64-fedora-gcc