Last updated on 2025-11-12 01:48:54 CET.
| Flavor | Version | Tinstall | Tcheck | Ttotal | Status | Flags |
|---|---|---|---|---|---|---|
| r-devel-linux-x86_64-debian-clang | 0.1.4 | 7.14 | 70.51 | 77.65 | NOTE | |
| r-devel-linux-x86_64-debian-gcc | 0.1.4 | 5.45 | 54.30 | 59.75 | NOTE | |
| r-devel-linux-x86_64-fedora-clang | 0.1.4 | 20.00 | 103.10 | 123.10 | NOTE | |
| r-devel-linux-x86_64-fedora-gcc | 0.1.4 | 14.00 | 99.99 | 113.99 | NOTE | |
| r-devel-windows-x86_64 | 0.1.4 | 11.00 | 83.00 | 94.00 | OK | |
| r-patched-linux-x86_64 | 0.1.4 | 8.47 | 66.58 | 75.05 | OK | |
| r-release-linux-x86_64 | 0.1.4 | 8.08 | 66.31 | 74.39 | OK | |
| r-release-macos-arm64 | 0.1.4 | 4.00 | 52.00 | 56.00 | OK | |
| r-release-macos-x86_64 | 0.1.4 | 6.00 | 48.00 | 54.00 | OK | |
| r-release-windows-x86_64 | 0.1.4 | 9.00 | 82.00 | 91.00 | OK | |
| r-oldrel-macos-arm64 | 0.1.4 | 3.00 | 29.00 | 32.00 | NOTE | |
| r-oldrel-macos-x86_64 | 0.1.4 | 6.00 | 39.00 | 45.00 | NOTE | |
| r-oldrel-windows-x86_64 | 0.1.4 | 12.00 | 105.00 | 117.00 | NOTE |
Version: 0.1.4
Check: CRAN incoming feasibility
Result: NOTE
Maintainer: ‘Nick Williams <ntwilliams.personal@gmail.com>’
No Authors@R field in DESCRIPTION.
Please add one, modifying
Authors@R: person(given = "Nick",
family = "Williams",
role = c("aut", "cre"),
email = "ntwilliams.personal@gmail.com")
as necessary.
Flavors: r-devel-linux-x86_64-debian-clang, r-devel-linux-x86_64-debian-gcc
Version: 0.1.4
Check: dependencies in R code
Result: NOTE
Namespaces in Imports field not imported from:
‘broom’ ‘epitools’
All declared Imports should be used.
Flavors: r-devel-linux-x86_64-fedora-clang, r-devel-linux-x86_64-fedora-gcc
Version: 0.1.4
Check: LazyData
Result: NOTE
'LazyData' is specified without a 'data' directory
Flavors: r-oldrel-macos-arm64, r-oldrel-macos-x86_64, r-oldrel-windows-x86_64