Last updated on 2025-11-12 01:48:53 CET.
| Flavor | Version | Tinstall | Tcheck | Ttotal | Status | Flags |
|---|---|---|---|---|---|---|
| r-devel-linux-x86_64-debian-clang | 0.2.0 | 89.47 | 59.00 | 148.47 | OK | |
| r-devel-linux-x86_64-debian-gcc | 0.2.0 | 60.42 | 44.84 | 105.26 | OK | |
| r-devel-linux-x86_64-fedora-clang | 0.2.0 | 183.00 | 111.92 | 294.92 | OK | |
| r-devel-linux-x86_64-fedora-gcc | 0.2.0 | 177.00 | 86.31 | 263.31 | OK | |
| r-devel-windows-x86_64 | 0.2.0 | 98.00 | 99.00 | 197.00 | OK | |
| r-patched-linux-x86_64 | 0.2.0 | 85.25 | 55.81 | 141.06 | OK | |
| r-release-linux-x86_64 | 0.2.0 | 85.52 | 55.75 | 141.27 | OK | |
| r-release-macos-arm64 | 0.2.0 | 33.00 | 77.00 | 110.00 | OK | |
| r-release-macos-x86_64 | 0.2.0 | 34.00 | 194.00 | 228.00 | OK | |
| r-release-windows-x86_64 | 0.2.0 | 105.00 | 96.00 | 201.00 | OK | |
| r-oldrel-macos-arm64 | 0.2.0 | 29.00 | 35.00 | 64.00 | NOTE | |
| r-oldrel-macos-x86_64 | 0.2.0 | 32.00 | 155.00 | 187.00 | NOTE | |
| r-oldrel-windows-x86_64 | 0.2.0 | 101.00 | 118.00 | 219.00 | OK |
Version: 0.2.0
Check: installed package size
Result: NOTE
installed size is 8.4Mb
sub-directories of 1Mb or more:
extdata 1.2Mb
libs 7.0Mb
Flavors: r-oldrel-macos-arm64, r-oldrel-macos-x86_64