CRAN Package Check Results for Package bubblyr

Last updated on 2025-11-12 01:48:53 CET.

Flavor Version Tinstall Tcheck Ttotal Status Flags
r-devel-linux-x86_64-debian-clang 0.1.2 1.85 25.10 26.95 OK
r-devel-linux-x86_64-debian-gcc 0.1.2 1.47 20.96 22.43 OK
r-devel-linux-x86_64-fedora-clang 0.1.2 39.56 OK
r-devel-linux-x86_64-fedora-gcc 0.1.2 51.57 OK
r-devel-windows-x86_64 0.1.2 3.00 47.00 50.00 OK
r-patched-linux-x86_64 0.1.2 1.83 22.89 24.72 OK
r-release-linux-x86_64 0.1.2 1.84 23.00 24.84 OK
r-release-macos-arm64 0.1.2 1.00 29.00 30.00 OK
r-release-macos-x86_64 0.1.2 2.00 44.00 46.00 OK
r-release-windows-x86_64 0.1.2 3.00 47.00 50.00 OK
r-oldrel-macos-arm64 0.1.2 1.00 22.00 23.00 NOTE
r-oldrel-macos-x86_64 0.1.2 2.00 33.00 35.00 NOTE
r-oldrel-windows-x86_64 0.1.2 4.00 51.00 55.00 NOTE

Check Details

Version: 0.1.2
Check: LazyData
Result: NOTE 'LazyData' is specified without a 'data' directory Flavors: r-oldrel-macos-arm64, r-oldrel-macos-x86_64, r-oldrel-windows-x86_64