CRAN Package Check Results for Package bsearchtools

Last updated on 2025-11-11 00:49:58 CET.

Flavor Version Tinstall Tcheck Ttotal Status Flags
r-devel-linux-x86_64-debian-clang 0.0.61 11.60 28.25 39.85 NOTE
r-devel-linux-x86_64-debian-gcc 0.0.61 9.67 23.05 32.72 NOTE
r-devel-linux-x86_64-fedora-clang 0.0.61 36.00 30.14 66.14 OK
r-devel-linux-x86_64-fedora-gcc 0.0.61 32.00 32.18 64.18 OK
r-devel-windows-x86_64 0.0.61 16.00 61.00 77.00 OK
r-patched-linux-x86_64 0.0.61 13.21 26.41 39.62 OK
r-release-linux-x86_64 0.0.61 12.60 26.03 38.63 OK
r-release-macos-arm64 0.0.61 6.00 18.00 24.00 OK
r-release-macos-x86_64 0.0.61 9.00 30.00 39.00 OK
r-release-windows-x86_64 0.0.61 17.00 68.00 85.00 OK
r-oldrel-macos-arm64 0.0.61 7.00 22.00 29.00 OK
r-oldrel-macos-x86_64 0.0.61 8.00 25.00 33.00 OK
r-oldrel-windows-x86_64 0.0.61 19.00 80.00 99.00 OK

Check Details

Version: 0.0.61
Check: CRAN incoming feasibility
Result: NOTE Maintainer: ‘Marco Giuliano <mgiuliano.mail@gmail.com>’ No Authors@R field in DESCRIPTION. Please add one, modifying Authors@R: person(given = "Marco", family = "Giuliano", role = c("aut", "cre"), email = "mgiuliano.mail@gmail.com") as necessary. Flavors: r-devel-linux-x86_64-debian-clang, r-devel-linux-x86_64-debian-gcc