Last updated on 2025-11-12 01:48:53 CET.
| Flavor | Version | Tinstall | Tcheck | Ttotal | Status | Flags |
|---|---|---|---|---|---|---|
| r-devel-linux-x86_64-debian-clang | 0.1.1 | 9.79 | 35.69 | 45.48 | NOTE | |
| r-devel-linux-x86_64-debian-gcc | 0.1.1 | 7.36 | 24.81 | 32.17 | NOTE | |
| r-devel-linux-x86_64-fedora-clang | 0.1.1 | 30.00 | 37.37 | 67.37 | OK | |
| r-devel-linux-x86_64-fedora-gcc | 0.1.1 | 14.00 | 48.48 | 62.48 | OK | |
| r-devel-windows-x86_64 | 0.1.1 | 14.00 | 67.00 | 81.00 | OK | |
| r-patched-linux-x86_64 | 0.1.1 | 10.33 | 28.84 | 39.17 | OK | |
| r-release-linux-x86_64 | 0.1.1 | 10.76 | 28.78 | 39.54 | OK | |
| r-release-macos-arm64 | 0.1.1 | 5.00 | 19.00 | 24.00 | OK | |
| r-release-macos-x86_64 | 0.1.1 | 12.00 | 45.00 | 57.00 | OK | |
| r-release-windows-x86_64 | 0.1.1 | 14.00 | 64.00 | 78.00 | OK | |
| r-oldrel-macos-arm64 | 0.1.1 | 5.00 | 23.00 | 28.00 | OK | |
| r-oldrel-macos-x86_64 | 0.1.1 | 10.00 | 27.00 | 37.00 | OK | |
| r-oldrel-windows-x86_64 | 0.1.1 | 14.00 | 76.00 | 90.00 | OK |
Version: 0.1.1
Check: CRAN incoming feasibility
Result: NOTE
Maintainer: ‘Ville Satopää <ville.satopaa@gmail.com>’
Package CITATION file contains call(s) to old-style personList() or
as.personList(). Please use c() on person objects instead.
Package CITATION file contains call(s) to old-style citEntry(). Please
use bibentry() instead.
Flavors: r-devel-linux-x86_64-debian-clang, r-devel-linux-x86_64-debian-gcc